CRAN Package Check Results for Package PROreg

Last updated on 2022-06-25 00:50:54 CEST.

Flavor Version Tinstall Tcheck Ttotal Status Flags
r-devel-linux-x86_64-debian-clang 1.1 13.16 109.05 122.21 NOTE
r-devel-linux-x86_64-debian-gcc 1.1 8.60 82.20 90.80 NOTE
r-devel-linux-x86_64-fedora-clang 1.1 155.66 NOTE
r-devel-linux-x86_64-fedora-gcc 1.1 155.25 NOTE
r-devel-windows-x86_64 1.1 17.00 136.00 153.00 NOTE
r-patched-linux-x86_64 1.1 18.38 99.32 117.70 NOTE
r-release-linux-x86_64 1.1 9.68 101.74 111.42 NOTE
r-release-macos-arm64 1.1 46.00 NOTE
r-release-macos-x86_64 1.1 70.00 NOTE
r-release-windows-x86_64 1.1 20.00 133.00 153.00 NOTE
r-oldrel-macos-arm64 1.1 61.00 NOTE
r-oldrel-macos-x86_64 1.1 68.00 NOTE
r-oldrel-windows-ix86+x86_64 1.1 23.00 128.00 151.00 NOTE

Check Details

Version: 1.1
Check: LazyData
Result: NOTE
     'LazyData' is specified without a 'data' directory
Flavors: r-devel-linux-x86_64-debian-clang, r-devel-linux-x86_64-debian-gcc, r-devel-linux-x86_64-fedora-clang, r-devel-linux-x86_64-fedora-gcc, r-devel-windows-x86_64, r-patched-linux-x86_64, r-release-linux-x86_64, r-release-macos-arm64, r-release-macos-x86_64, r-release-windows-x86_64, r-oldrel-macos-arm64, r-oldrel-macos-x86_64, r-oldrel-windows-ix86+x86_64