Last updated on 2024-08-13 17:48:22 CEST.
Flavor | Version | Tinstall | Tcheck | Ttotal | Status | Flags |
---|---|---|---|---|---|---|
r-devel-linux-x86_64-debian-clang | 0.0.3 | 10.86 | 94.33 | 105.19 | NOTE | |
r-devel-linux-x86_64-debian-gcc | 0.0.3 | 10.35 | 68.05 | 78.40 | NOTE | |
r-devel-linux-x86_64-fedora-clang | 0.0.3 | 184.34 | NOTE | |||
r-devel-linux-x86_64-fedora-gcc | 0.0.3 | 160.38 | NOTE | |||
r-devel-windows-x86_64 | 0.0.3 | 14.00 | 95.00 | 109.00 | NOTE | |
r-patched-linux-x86_64 | 0.0.3 | 19.24 | 89.93 | 109.17 | OK | |
r-release-linux-x86_64 | 0.0.3 | 10.67 | 89.66 | 100.33 | OK | |
r-release-macos-arm64 | 0.0.3 | 51.00 | OK | |||
r-release-macos-x86_64 | 0.0.3 | 78.00 | OK | |||
r-release-windows-x86_64 | 0.0.3 | 16.00 | 96.00 | 112.00 | OK | |
r-oldrel-macos-arm64 | 0.0.3 | 75.00 | OK | |||
r-oldrel-macos-x86_64 | 0.0.3 | 113.00 | OK | |||
r-oldrel-windows-x86_64 | 0.0.3 | 17.00 | 120.00 | 137.00 | OK |
Version: 0.0.3
Check: Rd cross-references
Result: NOTE
Found the following Rd file(s) with Rd \link{} targets missing package
anchors:
PWI.Rd: bibliometrix, convert2df
PWI2.Rd: convert2df
countries.Rd: biblioAnalysis
Please provide package anchors for all Rd \link{} targets not in the
package itself and the base packages.
Flavors: r-devel-linux-x86_64-debian-clang, r-devel-linux-x86_64-debian-gcc, r-devel-windows-x86_64
Version: 0.0.3
Check: dependencies in R code
Result: NOTE
Namespace in Imports field not imported from: ‘progressr’
All declared Imports should be used.
Flavors: r-devel-linux-x86_64-fedora-clang, r-devel-linux-x86_64-fedora-gcc