Last updated on 2024-03-27 23:59:51 CET.
Flavor | Version | Tinstall | Tcheck | Ttotal | Status | Flags |
---|---|---|---|---|---|---|
r-devel-linux-x86_64-debian-clang | 1.3.6 | 5.85 | 87.58 | 93.43 | OK | |
r-devel-linux-x86_64-debian-gcc | 1.3.6 | 5.23 | 65.20 | 70.43 | OK | |
r-devel-linux-x86_64-fedora-clang | 1.3.6 | 116.34 | OK | |||
r-devel-linux-x86_64-fedora-gcc | 1.3.6 | 134.46 | OK | |||
r-devel-windows-x86_64 | 1.3.6 | 8.00 | 89.00 | 97.00 | OK | |
r-patched-linux-x86_64 | 1.3.6 | 7.91 | 81.72 | 89.63 | OK | |
r-release-linux-x86_64 | 1.3.6 | 7.39 | 82.07 | 89.46 | OK | |
r-release-macos-arm64 | 1.3.6 | 46.00 | OK | |||
r-release-macos-x86_64 | 1.3.6 | 69.00 | OK | |||
r-release-windows-x86_64 | 1.3.6 | 9.00 | 94.00 | 103.00 | ERROR | |
r-oldrel-macos-arm64 | 1.3.6 | 43.00 | OK | |||
r-oldrel-windows-x86_64 | 1.3.6 | 10.00 | 102.00 | 112.00 | OK |
Version: 1.3.6
Check: re-building of vignette outputs
Result: ERROR
Error(s) in re-building vignettes:
--- re-building 'MultipleComparisons.Rmd' using rmarkdown
--- finished re-building 'MultipleComparisons.Rmd'
--- re-building 'PairVizIntroduction.Rmd' using rmarkdown
Quitting from lines 312-320 [unnamed-chunk-21] (PairVizIntroduction.Rmd)
Error: processing vignette 'PairVizIntroduction.Rmd' failed with diagnostics:
At vendor/cigraph/src/core/vector.pmt:515 : Assertion failed: v->stor_begin != NULL. This is an unexpected igraph error; please report this as a bug, along with the steps to reproduce it.
Please restart your R session to avoid crashes or other surprising behavior.
--- failed re-building 'PairVizIntroduction.Rmd'
--- re-building 'pcp.Rmd' using rmarkdown
--- finished re-building 'pcp.Rmd'
SUMMARY: processing the following file failed:
'PairVizIntroduction.Rmd'
Error: Vignette re-building failed.
Execution halted
Flavor: r-release-windows-x86_64