Last updated on 2024-03-28 23:55:14 CET.
Flavor | Version | Tinstall | Tcheck | Ttotal | Status | Flags |
---|---|---|---|---|---|---|
r-devel-linux-x86_64-debian-clang | 0.1.0 | 4.51 | 43.61 | 48.12 | NOTE | |
r-devel-linux-x86_64-debian-gcc | 0.1.0 | 5.17 | 33.07 | 38.24 | NOTE | |
r-devel-linux-x86_64-fedora-clang | 0.1.0 | 63.36 | NOTE | |||
r-devel-linux-x86_64-fedora-gcc | 0.1.0 | 73.79 | NOTE | |||
r-devel-windows-x86_64 | 0.1.0 | 7.00 | 52.00 | 59.00 | NOTE | |
r-patched-linux-x86_64 | 0.1.0 | 6.40 | 41.59 | 47.99 | NOTE | |
r-release-linux-x86_64 | 0.1.0 | 7.69 | 40.73 | 48.42 | OK | |
r-release-macos-arm64 | 0.1.0 | 30.00 | OK | |||
r-release-macos-x86_64 | 0.1.0 | 45.00 | OK | |||
r-release-windows-x86_64 | 0.1.0 | 9.00 | 56.00 | 65.00 | OK | |
r-oldrel-macos-arm64 | 0.1.0 | 23.00 | OK | |||
r-oldrel-windows-x86_64 | 0.1.0 | 9.00 | 61.00 | 70.00 | OK |
Version: 0.1.0
Check: Rd files
Result: NOTE
checkRd: (-1) PakPMICS2018bh.Rd:88: Lost braces in \enumerate; meant \describe ?
checkRd: (-1) PakPMICS2018bh.Rd:89: Lost braces in \enumerate; meant \describe ?
Flavors: r-devel-linux-x86_64-debian-clang, r-devel-linux-x86_64-debian-gcc, r-devel-linux-x86_64-fedora-clang, r-devel-linux-x86_64-fedora-gcc, r-devel-windows-x86_64, r-patched-linux-x86_64