CRAN Package Check Results for Package PakPMICS2018mn

Last updated on 2021-10-16 20:50:51 CEST.

Flavor Version Tinstall Tcheck Ttotal Status Flags
r-devel-linux-x86_64-debian-clang 0.1.0 5.90 38.28 44.18 OK
r-devel-linux-x86_64-debian-gcc 0.1.0 5.88 30.33 36.21 OK
r-devel-linux-x86_64-fedora-clang 0.1.0 66.31 NOTE
r-devel-linux-x86_64-fedora-gcc 0.1.0 57.23 NOTE
r-devel-windows-x86_64 0.1.0 10.00 41.00 51.00 OK
r-devel-windows-x86_64-gcc10-UCRT 0.1.0 NOTE
r-patched-linux-x86_64 0.1.0 5.89 36.66 42.55 OK
r-patched-solaris-x86 0.1.0 90.60 NOTE
r-release-linux-x86_64 0.1.0 6.51 36.68 43.19 OK
r-release-macos-arm64 0.1.0 NOTE
r-release-macos-x86_64 0.1.0 NOTE
r-release-windows-ix86+x86_64 0.1.0 13.00 57.00 70.00 OK
r-oldrel-macos-x86_64 0.1.0 NOTE
r-oldrel-windows-ix86+x86_64 0.1.0 13.00 56.00 69.00 OK

Check Details

Version: 0.1.0
Check: data for non-ASCII characters
Result: NOTE
     Note: found 4 marked UTF-8 strings
Flavors: r-devel-linux-x86_64-fedora-clang, r-devel-linux-x86_64-fedora-gcc, r-devel-windows-x86_64-gcc10-UCRT, r-patched-solaris-x86, r-release-macos-arm64, r-release-macos-x86_64, r-oldrel-macos-x86_64