CRAN Package Check Results for Package PantaRhei

Last updated on 2023-06-04 08:57:17 CEST.

Flavor Version Tinstall Tcheck Ttotal Status Flags
r-devel-linux-x86_64-debian-clang 0.1.2 4.72 43.18 47.90 OK
r-devel-linux-x86_64-debian-gcc 0.1.2 3.89 32.93 36.82 OK
r-devel-linux-x86_64-fedora-clang 0.1.2 61.22 NOTE
r-devel-linux-x86_64-fedora-gcc 0.1.2 75.48 NOTE
r-devel-windows-x86_64 0.1.2 4.00 54.00 58.00 OK
r-patched-linux-x86_64 0.1.2 4.28 42.13 46.41 OK
r-release-linux-x86_64 0.1.2 4.03 41.03 45.06 OK
r-release-macos-arm64 0.1.2 29.00 OK
r-release-macos-x86_64 0.1.2 42.00 OK
r-release-windows-x86_64 0.1.2 6.00 57.00 63.00 OK
r-oldrel-macos-arm64 0.1.2 24.00 OK
r-oldrel-macos-x86_64 0.1.2 30.00 NOTE
r-oldrel-windows-x86_64 0.1.2 6.00 60.00 66.00 OK

Check Details

Version: 0.1.2
Check: dependencies in R code
Result: NOTE
    Namespace in Imports field not imported from: ‘utils’
     All declared Imports should be used.
Flavors: r-devel-linux-x86_64-fedora-clang, r-devel-linux-x86_64-fedora-gcc, r-oldrel-macos-x86_64