CRAN Package Check Results for Package PantaRhei

Last updated on 2021-10-27 00:51:13 CEST.

Flavor Version Tinstall Tcheck Ttotal Status Flags
r-devel-linux-x86_64-debian-clang 0.1.2 5.03 40.85 45.88 OK
r-devel-linux-x86_64-debian-gcc 0.1.2 3.30 31.50 34.80 OK
r-devel-linux-x86_64-fedora-clang 0.1.2 63.15 NOTE
r-devel-linux-x86_64-fedora-gcc 0.1.2 53.83 NOTE
r-devel-windows-x86_64 0.1.2 7.00 72.00 79.00 OK
r-devel-windows-x86_64-gcc10-UCRT 0.1.2 NOTE
r-patched-linux-x86_64 0.1.2 3.82 38.38 42.20 OK
r-patched-solaris-x86 0.1.2 71.10 NOTE
r-release-linux-x86_64 0.1.2 3.75 38.95 42.70 OK
r-release-macos-arm64 0.1.2 NOTE
r-release-macos-x86_64 0.1.2 NOTE
r-release-windows-ix86+x86_64 0.1.2 6.00 57.00 63.00 OK
r-oldrel-macos-x86_64 0.1.2 NOTE
r-oldrel-windows-ix86+x86_64 0.1.2 9.00 57.00 66.00 OK

Check Details

Version: 0.1.2
Check: dependencies in R code
Result: NOTE
    Namespace in Imports field not imported from: ‘utils’
     All declared Imports should be used.
Flavors: r-devel-linux-x86_64-fedora-clang, r-devel-linux-x86_64-fedora-gcc, r-devel-windows-x86_64-gcc10-UCRT, r-patched-solaris-x86, r-release-macos-arm64, r-release-macos-x86_64, r-oldrel-macos-x86_64