Last updated on 2023-06-10 00:54:52 CEST.
Flavor | Version | Tinstall | Tcheck | Ttotal | Status | Flags |
---|---|---|---|---|---|---|
r-devel-linux-x86_64-debian-clang | 0.3.7 | 37.86 | 295.86 | 333.72 | OK | |
r-devel-linux-x86_64-debian-gcc | 0.3.7 | 26.68 | 216.66 | 243.34 | OK | |
r-devel-linux-x86_64-fedora-clang | 0.3.7 | 437.31 | NOTE | |||
r-devel-linux-x86_64-fedora-gcc | 0.3.7 | 384.41 | NOTE | |||
r-devel-windows-x86_64 | 0.3.7 | 25.00 | 182.00 | 207.00 | NOTE | |
r-patched-linux-x86_64 | 0.3.7 | 23.93 | 275.88 | 299.81 | OK | |
r-release-linux-x86_64 | 0.3.7 | 20.65 | 277.26 | 297.91 | OK | |
r-release-macos-arm64 | 0.3.7 | 99.00 | NOTE | |||
r-release-macos-x86_64 | 0.3.7 | 182.00 | NOTE | |||
r-release-windows-x86_64 | 0.3.7 | 39.00 | 249.00 | 288.00 | NOTE | |
r-oldrel-macos-arm64 | 0.3.7 | 99.00 | NOTE | |||
r-oldrel-macos-x86_64 | 0.3.7 | 113.00 | NOTE | |||
r-oldrel-windows-x86_64 | 0.3.7 | 38.00 | 249.00 | 287.00 | NOTE |
Version: 0.3.7
Check: installed package size
Result: NOTE
installed size is 9.0Mb
sub-directories of 1Mb or more:
extdata 8.8Mb
Flavors: r-devel-linux-x86_64-fedora-clang, r-devel-windows-x86_64, r-release-macos-arm64, r-release-macos-x86_64, r-release-windows-x86_64, r-oldrel-macos-arm64, r-oldrel-macos-x86_64, r-oldrel-windows-x86_64
Version: 0.3.7
Check: dependencies in R code
Result: NOTE
Namespaces in Imports field not imported from:
‘caret’ ‘gstat’ ‘pryr’
All declared Imports should be used.
Flavors: r-devel-linux-x86_64-fedora-clang, r-devel-linux-x86_64-fedora-gcc, r-oldrel-macos-arm64, r-oldrel-macos-x86_64