Last updated on 2024-03-28 23:55:14 CET.
Flavor | Version | Tinstall | Tcheck | Ttotal | Status | Flags |
---|---|---|---|---|---|---|
r-devel-linux-x86_64-debian-clang | 1.0.1 | 36.14 | 76.54 | 112.68 | NOTE | |
r-devel-linux-x86_64-debian-gcc | 1.0.1 | 28.18 | 57.02 | 85.20 | NOTE | |
r-devel-linux-x86_64-fedora-clang | 1.0.1 | 152.84 | NOTE | |||
r-devel-linux-x86_64-fedora-gcc | 1.0.1 | 150.16 | NOTE | |||
r-devel-windows-x86_64 | 1.0.1 | 32.00 | 95.00 | 127.00 | NOTE | |
r-patched-linux-x86_64 | 1.0.1 | 34.13 | 72.18 | 106.31 | NOTE | |
r-release-linux-x86_64 | 1.0.1 | 32.78 | 74.49 | 107.27 | NOTE | |
r-release-macos-arm64 | 1.0.1 | 46.00 | NOTE | |||
r-release-macos-x86_64 | 1.0.1 | 71.00 | NOTE | |||
r-release-windows-x86_64 | 1.0.1 | 40.00 | 120.00 | 160.00 | NOTE | |
r-oldrel-macos-arm64 | 1.0.1 | 42.00 | OK | |||
r-oldrel-windows-x86_64 | 1.0.1 | 39.00 | 109.00 | 148.00 | OK |
Version: 1.0.1
Check: C++ specification
Result: NOTE
Specified C++11: please drop specification unless essential
Flavors: r-devel-linux-x86_64-debian-clang, r-devel-linux-x86_64-debian-gcc, r-devel-linux-x86_64-fedora-clang, r-devel-linux-x86_64-fedora-gcc, r-devel-windows-x86_64, r-patched-linux-x86_64, r-release-linux-x86_64, r-release-macos-arm64, r-release-macos-x86_64, r-release-windows-x86_64
Version: 1.0.1
Check: compiled code
Result: NOTE
File ‘PenCoxFrail/libs/PenCoxFrail.so’:
Found no calls to: ‘R_registerRoutines’, ‘R_useDynamicSymbols’
It is good practice to register native routines and to disable symbol
search.
See ‘Writing portable packages’ in the ‘Writing R Extensions’ manual.
Flavors: r-devel-linux-x86_64-fedora-clang, r-devel-linux-x86_64-fedora-gcc