Last updated on 2023-06-10 16:53:43 CEST.
Flavor | Version | Tinstall | Tcheck | Ttotal | Status | Flags |
---|---|---|---|---|---|---|
r-devel-linux-x86_64-debian-clang | 0.3.4 | 8.34 | 64.70 | 73.04 | NOTE | |
r-devel-linux-x86_64-debian-gcc | 0.3.4 | 6.37 | 50.12 | 56.49 | NOTE | |
r-devel-linux-x86_64-fedora-clang | 0.3.4 | 91.68 | NOTE | |||
r-devel-linux-x86_64-fedora-gcc | 0.3.4 | 98.70 | NOTE | |||
r-devel-windows-x86_64 | 0.3.4 | 10.00 | 75.00 | 85.00 | NOTE | |
r-patched-linux-x86_64 | 0.3.4 | 12.86 | 60.36 | 73.22 | NOTE | |
r-release-linux-x86_64 | 0.3.4 | 7.03 | 61.52 | 68.55 | NOTE | |
r-release-macos-arm64 | 0.3.4 | 38.00 | NOTE | |||
r-release-macos-x86_64 | 0.3.4 | 48.00 | NOTE | |||
r-release-windows-x86_64 | 0.3.4 | 11.00 | 81.00 | 92.00 | NOTE | |
r-oldrel-macos-arm64 | 0.3.4 | 28.00 | NOTE | |||
r-oldrel-macos-x86_64 | 0.3.4 | 40.00 | NOTE | |||
r-oldrel-windows-x86_64 | 0.3.4 | 11.00 | 82.00 | 93.00 | NOTE |
Version: 0.3.4
Check: LazyData
Result: NOTE
'LazyData' is specified without a 'data' directory
Flavors: r-devel-linux-x86_64-debian-clang, r-devel-linux-x86_64-debian-gcc, r-devel-linux-x86_64-fedora-clang, r-devel-linux-x86_64-fedora-gcc, r-devel-windows-x86_64, r-patched-linux-x86_64, r-release-linux-x86_64, r-release-macos-arm64, r-release-macos-x86_64, r-release-windows-x86_64, r-oldrel-macos-arm64, r-oldrel-macos-x86_64, r-oldrel-windows-x86_64