Last updated on 2024-03-28 23:55:14 CET.
Flavor | Version | Tinstall | Tcheck | Ttotal | Status | Flags |
---|---|---|---|---|---|---|
r-devel-linux-x86_64-debian-clang | 0.3.4 | 7.23 | 67.44 | 74.67 | NOTE | |
r-devel-linux-x86_64-debian-gcc | 0.3.4 | 6.62 | 50.49 | 57.11 | NOTE | |
r-devel-linux-x86_64-fedora-clang | 0.3.4 | 93.08 | NOTE | |||
r-devel-linux-x86_64-fedora-gcc | 0.3.4 | 105.26 | NOTE | |||
r-devel-windows-x86_64 | 0.3.4 | 9.00 | 72.00 | 81.00 | NOTE | |
r-patched-linux-x86_64 | 0.3.4 | 12.60 | 64.51 | 77.11 | NOTE | |
r-release-linux-x86_64 | 0.3.4 | 7.22 | 62.14 | 69.36 | NOTE | |
r-release-macos-arm64 | 0.3.4 | 38.00 | NOTE | |||
r-release-macos-x86_64 | 0.3.4 | 48.00 | NOTE | |||
r-release-windows-x86_64 | 0.3.4 | 10.00 | 82.00 | 92.00 | NOTE | |
r-oldrel-macos-arm64 | 0.3.4 | 28.00 | NOTE | |||
r-oldrel-windows-x86_64 | 0.3.4 | 11.00 | 83.00 | 94.00 | NOTE |
Version: 0.3.4
Check: LazyData
Result: NOTE
'LazyData' is specified without a 'data' directory
Flavors: r-devel-linux-x86_64-debian-clang, r-devel-linux-x86_64-debian-gcc, r-devel-linux-x86_64-fedora-clang, r-devel-linux-x86_64-fedora-gcc, r-devel-windows-x86_64, r-patched-linux-x86_64, r-release-linux-x86_64, r-release-macos-arm64, r-release-macos-x86_64, r-release-windows-x86_64, r-oldrel-macos-arm64, r-oldrel-windows-x86_64