Last updated on 2023-09-26 01:06:30 CEST.
Flavor | Version | Tinstall | Tcheck | Ttotal | Status | Flags |
---|---|---|---|---|---|---|
r-devel-linux-x86_64-debian-clang | 1.0.8 | 10.33 | 91.35 | 101.68 | OK | |
r-devel-linux-x86_64-debian-gcc | 1.0.8 | 7.77 | 71.96 | 79.73 | OK | |
r-devel-linux-x86_64-fedora-clang | 1.0.8 | 121.08 | OK | |||
r-devel-linux-x86_64-fedora-gcc | 1.0.8 | 133.34 | OK | |||
r-devel-windows-x86_64 | 1.0.8 | 10.00 | 83.00 | 93.00 | OK | |
r-patched-linux-x86_64 | 1.0.8 | 9.60 | 88.81 | 98.41 | OK | |
r-release-linux-x86_64 | 1.0.8 | 12.10 | 86.78 | 98.88 | OK | |
r-release-macos-arm64 | 1.0.8 | 41.00 | OK | |||
r-release-macos-x86_64 | 1.0.8 | 85.00 | OK | |||
r-release-windows-x86_64 | 1.0.8 | 12.00 | 97.00 | 109.00 | OK | |
r-oldrel-macos-arm64 | 1.0.8 | 9.00 | ERROR | |||
r-oldrel-macos-x86_64 | 1.0.8 | 59.00 | OK | |||
r-oldrel-windows-x86_64 | 1.0.8 | 13.00 | 102.00 | 115.00 | OK |
Version: 1.0.8
Check: package dependencies
Result: ERROR
Package required but not available: ‘LBE’
See section ‘The DESCRIPTION file’ in the ‘Writing R Extensions’
manual.
Flavor: r-oldrel-macos-arm64