Last updated on 2024-03-28 23:55:14 CET.
Flavor | Version | Tinstall | Tcheck | Ttotal | Status | Flags |
---|---|---|---|---|---|---|
r-devel-linux-x86_64-debian-clang | 1.0.3 | 16.45 | 128.84 | 145.29 | NOTE | |
r-devel-linux-x86_64-debian-gcc | 1.0.3 | 12.42 | 94.01 | 106.43 | NOTE | |
r-devel-linux-x86_64-fedora-clang | 1.0.3 | 175.18 | NOTE | |||
r-devel-linux-x86_64-fedora-gcc | 1.0.3 | 170.89 | NOTE | |||
r-devel-windows-x86_64 | 1.0.3 | 14.00 | 97.00 | 111.00 | NOTE | |
r-patched-linux-x86_64 | 1.0.3 | 10.14 | 118.71 | 128.85 | NOTE | |
r-release-linux-x86_64 | 1.0.3 | 16.27 | 120.30 | 136.57 | OK | |
r-release-macos-arm64 | 1.0.3 | 57.00 | OK | |||
r-release-macos-x86_64 | 1.0.3 | 85.00 | OK | |||
r-release-windows-x86_64 | 1.0.3 | 18.00 | 121.00 | 139.00 | OK | |
r-oldrel-macos-arm64 | 1.0.3 | 49.00 | OK | |||
r-oldrel-windows-x86_64 | 1.0.3 | 18.00 | 117.00 | 135.00 | OK |
Version: 1.0.3
Check: Rd files
Result: NOTE
checkRd: (-1) PhageCocktail.Rd:100-103: Lost braces
100 | "Result": {
| ^
checkRd: (-1) PhageCocktail.Rd:105-112: Lost braces
105 | "BacteriaLysed": {
| ^
Flavors: r-devel-linux-x86_64-debian-clang, r-devel-linux-x86_64-debian-gcc, r-devel-linux-x86_64-fedora-clang, r-devel-linux-x86_64-fedora-gcc, r-devel-windows-x86_64, r-patched-linux-x86_64