Last updated on 2024-03-28 23:55:15 CET.
Flavor | Version | Tinstall | Tcheck | Ttotal | Status | Flags |
---|---|---|---|---|---|---|
r-devel-linux-x86_64-debian-clang | 1.2.1 | 13.17 | 333.68 | 346.85 | OK | |
r-devel-linux-x86_64-debian-gcc | 1.2.1 | 8.21 | 236.65 | 244.86 | OK | |
r-devel-linux-x86_64-fedora-clang | 1.2.1 | 414.80 | OK | |||
r-devel-linux-x86_64-fedora-gcc | 1.2.1 | 430.92 | OK | |||
r-devel-windows-x86_64 | 1.2.1 | 10.00 | 251.00 | 261.00 | OK | |
r-patched-linux-x86_64 | 1.2.1 | 7.71 | 320.44 | 328.15 | OK | |
r-release-linux-x86_64 | 1.2.1 | 9.61 | 330.82 | 340.43 | OK | |
r-release-macos-arm64 | 1.2.1 | 164.00 | NOTE | |||
r-release-macos-x86_64 | 1.2.1 | 271.00 | NOTE | |||
r-release-windows-x86_64 | 1.2.1 | 14.00 | 311.00 | 325.00 | OK | |
r-oldrel-macos-arm64 | 1.2.1 | 283.00 | OK | |||
r-oldrel-windows-x86_64 | 1.2.1 | 14.00 | 317.00 | 331.00 | OK |
Version: 1.2.1
Check: installed package size
Result: NOTE
installed size is 5.1Mb
sub-directories of 1Mb or more:
data 3.1Mb
doc 1.9Mb
Flavors: r-release-macos-arm64, r-release-macos-x86_64
Version: 1.2.1
Check: package dependencies
Result: NOTE
Packages suggested but not available for checking:
'randomForestSRC', 'xgboost'
Flavor: r-release-macos-x86_64