CRAN Package Check Results for Package PheCAP

Last updated on 2021-10-21 16:49:53 CEST.

Flavor Version Tinstall Tcheck Ttotal Status Flags
r-devel-linux-x86_64-debian-clang 1.2.1 9.72 407.57 417.29 OK
r-devel-linux-x86_64-debian-gcc 1.2.1 8.75 299.88 308.63 OK
r-devel-linux-x86_64-fedora-clang 1.2.1 547.24 OK
r-devel-linux-x86_64-fedora-gcc 1.2.1 512.14 OK
r-devel-windows-x86_64 1.2.1 16.00 502.00 518.00 OK
r-devel-windows-x86_64-gcc10-UCRT 1.2.1 NOTE
r-patched-linux-x86_64 1.2.1 11.61 416.01 427.62 OK
r-patched-solaris-x86 1.2.1 166.50 OK
r-release-linux-x86_64 1.2.1 9.21 414.30 423.51 OK
r-release-macos-arm64 1.2.1 OK
r-release-macos-x86_64 1.2.1 OK
r-release-windows-ix86+x86_64 1.2.1 16.00 494.00 510.00 OK
r-oldrel-macos-x86_64 1.2.1 OK
r-oldrel-windows-ix86+x86_64 1.2.1 21.00 499.00 520.00 OK

Check Details

Version: 1.2.1
Check: package dependencies
Result: NOTE
    Package suggested but not available for checking: 'randomForestSRC'
Flavor: r-devel-windows-x86_64-gcc10-UCRT