Last updated on 2024-04-20 08:51:04 CEST.
Flavor | Version | Tinstall | Tcheck | Ttotal | Status | Flags |
---|---|---|---|---|---|---|
r-devel-linux-x86_64-debian-clang | 0.3.4 | 30.07 | 287.50 | 317.57 | NOTE | |
r-devel-linux-x86_64-debian-gcc | 0.3.4 | 28.25 | 205.08 | 233.33 | NOTE | |
r-devel-linux-x86_64-fedora-clang | 0.3.4 | 420.16 | NOTE | |||
r-devel-linux-x86_64-fedora-gcc | 0.3.4 | 418.77 | NOTE | |||
r-prerel-macos-arm64 | 0.3.4 | 106.00 | NOTE | |||
r-prerel-macos-x86_64 | 0.3.4 | 223.00 | NOTE | |||
r-prerel-windows-x86_64 | 0.3.4 | 26.00 | 313.00 | 339.00 | NOTE | |
r-patched-linux-x86_64 | 0.3.4 | 19.66 | 266.15 | 285.81 | NOTE | |
r-release-linux-x86_64 | 0.3.4 | 22.68 | 268.30 | 290.98 | NOTE | |
r-release-macos-arm64 | 0.3.4 | 9.00 | ERROR | |||
r-release-macos-x86_64 | 0.3.4 | 195.00 | NOTE | |||
r-release-windows-x86_64 | 0.3.4 | 38.00 | 348.00 | 386.00 | NOTE | |
r-oldrel-macos-arm64 | 0.3.4 | 108.00 | NOTE | |||
r-oldrel-windows-x86_64 | 0.3.4 | 40.00 | 343.00 | 383.00 | NOTE |
Version: 0.3.4
Check: C++ specification
Result: NOTE
Specified C++11: please drop specification unless essential
Flavors: r-devel-linux-x86_64-debian-clang, r-devel-linux-x86_64-debian-gcc, r-devel-linux-x86_64-fedora-clang, r-devel-linux-x86_64-fedora-gcc, r-prerel-macos-arm64, r-prerel-macos-x86_64, r-prerel-windows-x86_64, r-patched-linux-x86_64, r-release-linux-x86_64, r-release-macos-x86_64, r-release-windows-x86_64
Version: 0.3.4
Check: installed package size
Result: NOTE
installed size is 5.1Mb
sub-directories of 1Mb or more:
doc 1.5Mb
extdata 3.2Mb
Flavors: r-devel-linux-x86_64-fedora-clang, r-prerel-macos-arm64, r-prerel-macos-x86_64, r-prerel-windows-x86_64, r-release-macos-x86_64, r-release-windows-x86_64, r-oldrel-macos-arm64, r-oldrel-windows-x86_64
Version: 0.3.4
Check: package dependencies
Result: ERROR
Package required but not available: ‘snpStats’
See section ‘The DESCRIPTION file’ in the ‘Writing R Extensions’
manual.
Flavor: r-release-macos-arm64