CRAN Package Check Results for Package PhenotypeSimulator

Last updated on 2021-12-02 20:51:38 CET.

Flavor Version Tinstall Tcheck Ttotal Status Flags
r-devel-linux-x86_64-debian-clang 0.3.4 28.65 241.83 270.48 OK
r-devel-linux-x86_64-debian-gcc 0.3.4 24.65 178.97 203.62 OK
r-devel-linux-x86_64-fedora-clang 0.3.4 356.00 NOTE
r-devel-linux-x86_64-fedora-gcc 0.3.4 324.25 OK
r-devel-windows-x86_64-new-UL 0.3.4 55.00 438.00 493.00 NOTE
r-devel-windows-x86_64-new-TK 0.3.4 OK
r-devel-windows-x86_64-old 0.3.4 44.00 234.00 278.00 NOTE
r-patched-linux-x86_64 0.3.4 29.02 241.79 270.81 OK
r-patched-solaris-x86 0.3.4 307.90 NOTE
r-release-linux-x86_64 0.3.4 25.47 240.01 265.48 OK
r-release-macos-arm64 0.3.4 NOTE
r-release-macos-x86_64 0.3.4 NOTE
r-release-windows-ix86+x86_64 0.3.4 76.00 423.00 499.00 NOTE
r-oldrel-macos-x86_64 0.3.4 NOTE
r-oldrel-windows-ix86+x86_64 0.3.4 74.00 431.00 505.00 NOTE

Check Details

Version: 0.3.4
Check: installed package size
Result: NOTE
     installed size is 5.6Mb
     sub-directories of 1Mb or more:
     doc 1.5Mb
     extdata 3.2Mb
Flavors: r-devel-linux-x86_64-fedora-clang, r-devel-windows-x86_64-new-UL, r-devel-windows-x86_64-old, r-patched-solaris-x86, r-release-macos-arm64, r-release-macos-x86_64, r-release-windows-ix86+x86_64, r-oldrel-macos-x86_64, r-oldrel-windows-ix86+x86_64