Last updated on 2024-04-23 08:58:11 CEST.
Flavor | Version | Tinstall | Tcheck | Ttotal | Status | Flags |
---|---|---|---|---|---|---|
r-devel-linux-x86_64-debian-clang | 1.6.0 | 48.77 | 368.76 | 417.53 | OK | |
r-devel-linux-x86_64-debian-gcc | 1.6.0 | 27.84 | 254.43 | 282.27 | OK | |
r-devel-linux-x86_64-fedora-clang | 1.6.0 | 491.47 | NOTE | |||
r-devel-linux-x86_64-fedora-gcc | 1.6.0 | 475.56 | OK | |||
r-prerel-macos-arm64 | 1.6.0 | 120.00 | NOTE | |||
r-prerel-macos-x86_64 | 1.6.0 | 276.00 | NOTE | |||
r-prerel-windows-x86_64 | 1.6.0 | 29.00 | 244.00 | 273.00 | NOTE | |
r-patched-linux-x86_64 | 1.6.0 | 39.53 | 336.86 | 376.39 | OK | |
r-release-linux-x86_64 | 1.6.0 | 23.49 | 351.72 | 375.21 | OK | |
r-release-macos-arm64 | 1.6.0 | 123.00 | NOTE | |||
r-release-macos-x86_64 | 1.6.0 | 245.00 | NOTE | |||
r-release-windows-x86_64 | 1.6.0 | 41.00 | 331.00 | 372.00 | NOTE | |
r-oldrel-macos-arm64 | 1.6.0 | 117.00 | NOTE | |||
r-oldrel-windows-x86_64 | 1.6.0 | 42.00 | 308.00 | 350.00 | NOTE |
Version: 1.6.0
Check: installed package size
Result: NOTE
installed size is 7.0Mb
sub-directories of 1Mb or more:
doc 5.9Mb
Flavors: r-devel-linux-x86_64-fedora-clang, r-prerel-macos-arm64, r-prerel-macos-x86_64, r-prerel-windows-x86_64, r-release-macos-arm64, r-release-macos-x86_64, r-release-windows-x86_64, r-oldrel-macos-arm64, r-oldrel-windows-x86_64