CRAN Package Check Results for Package PlaneGeometry

Last updated on 2021-10-23 05:02:44 CEST.

Flavor Version Tinstall Tcheck Ttotal Status Flags
r-devel-linux-x86_64-debian-clang 1.2.0 21.23 90.56 111.79 NOTE
r-devel-linux-x86_64-debian-gcc 1.2.0 15.93 67.80 83.73 NOTE
r-devel-linux-x86_64-fedora-clang 1.2.0 156.85 NOTE
r-devel-linux-x86_64-fedora-gcc 1.2.0 135.38 NOTE
r-devel-windows-x86_64 1.2.0 32.00 119.00 151.00 NOTE
r-devel-windows-x86_64-gcc10-UCRT 1.2.0 NOTE
r-patched-linux-x86_64 1.2.0 23.66 87.10 110.76 NOTE
r-patched-solaris-x86 1.2.0 172.70 NOTE
r-release-linux-x86_64 1.2.0 18.59 88.68 107.27 NOTE
r-release-macos-arm64 1.2.0 NOTE
r-release-macos-x86_64 1.2.0 NOTE
r-release-windows-ix86+x86_64 1.2.0 21.00 117.00 138.00 NOTE
r-oldrel-macos-x86_64 1.2.0 OK
r-oldrel-windows-ix86+x86_64 1.2.0 34.00 116.00 150.00 OK

Check Details

Version: 1.2.0
Check: LazyData
Result: NOTE
     'LazyData' is specified without a 'data' directory
Flavors: r-devel-linux-x86_64-debian-clang, r-devel-linux-x86_64-debian-gcc, r-devel-linux-x86_64-fedora-clang, r-devel-linux-x86_64-fedora-gcc, r-devel-windows-x86_64, r-devel-windows-x86_64-gcc10-UCRT, r-patched-linux-x86_64, r-patched-solaris-x86, r-release-linux-x86_64, r-release-macos-arm64, r-release-macos-x86_64, r-release-windows-ix86+x86_64