CRAN Package Check Results for Package PlanetNICFI

Last updated on 2023-06-08 08:55:29 CEST.

Flavor Version Tinstall Tcheck Ttotal Status Flags
r-devel-linux-x86_64-debian-clang 1.0.4 28.84 261.14 289.98 NOTE
r-devel-linux-x86_64-debian-gcc 1.0.4 21.52 191.30 212.82 NOTE
r-devel-linux-x86_64-fedora-clang 1.0.4 361.07 NOTE
r-devel-linux-x86_64-fedora-gcc 1.0.4 346.54 NOTE
r-devel-windows-x86_64 1.0.4 22.00 171.00 193.00 NOTE
r-patched-linux-x86_64 1.0.4 23.19 244.43 267.62 NOTE
r-release-linux-x86_64 1.0.4 24.07 246.06 270.13 NOTE
r-release-macos-arm64 1.0.4 87.00 NOTE
r-release-macos-x86_64 1.0.4 161.00 NOTE
r-release-windows-x86_64 1.0.4 29.00 228.00 257.00 OK
r-oldrel-macos-arm64 1.0.4 60.00 OK
r-oldrel-macos-x86_64 1.0.4 94.00 OK
r-oldrel-windows-x86_64 1.0.4 30.00 220.00 250.00 OK

Check Details

Version: 1.0.4
Check: package dependencies
Result: NOTE
    Package suggested but not available for checking: ‘RStoolbox’
Flavors: r-devel-linux-x86_64-debian-clang, r-devel-linux-x86_64-debian-gcc, r-devel-linux-x86_64-fedora-clang, r-devel-linux-x86_64-fedora-gcc, r-devel-windows-x86_64, r-patched-linux-x86_64, r-release-linux-x86_64, r-release-macos-arm64, r-release-macos-x86_64