Last updated on 2023-05-28 16:57:57 CEST.
Flavor | Version | Tinstall | Tcheck | Ttotal | Status | Flags |
---|---|---|---|---|---|---|
r-devel-linux-x86_64-debian-clang | 3.4.1 | 63.98 | 401.66 | 465.64 | NOTE | |
r-devel-linux-x86_64-debian-gcc | 3.4.1 | 55.20 | 288.82 | 344.02 | NOTE | |
r-devel-linux-x86_64-fedora-clang | 3.4.1 | 621.14 | NOTE | |||
r-devel-linux-x86_64-fedora-gcc | 3.4.1 | 590.03 | NOTE | |||
r-devel-windows-x86_64 | 3.4.1 | 56.00 | 309.00 | 365.00 | NOTE | |
r-patched-linux-x86_64 | 3.4.1 | 52.00 | 372.34 | 424.34 | NOTE | |
r-release-linux-x86_64 | 3.4.1 | 59.21 | 366.26 | 425.47 | NOTE | |
r-release-macos-arm64 | 3.4.1 | 136.00 | NOTE | |||
r-release-macos-x86_64 | 3.4.1 | 248.00 | NOTE | |||
r-release-windows-x86_64 | 3.4.1 | 76.00 | 398.00 | 474.00 | NOTE | |
r-oldrel-macos-arm64 | 3.4.1 | 102.00 | NOTE | |||
r-oldrel-macos-x86_64 | 3.4.1 | 179.00 | NOTE | |||
r-oldrel-windows-x86_64 | 3.4.1 | 77.00 | 385.00 | 462.00 | NOTE |
Version: 3.4.1
Check: package dependencies
Result: NOTE
Packages suggested but not available for checking:
'Matrix.utils', 'monocle3', 'ProjecTILs', 'SeuratWrappers',
'vanddraabe'
Flavors: r-devel-linux-x86_64-debian-clang, r-devel-linux-x86_64-debian-gcc, r-devel-linux-x86_64-fedora-clang, r-devel-linux-x86_64-fedora-gcc, r-devel-windows-x86_64, r-patched-linux-x86_64, r-release-linux-x86_64
Version: 3.4.1
Check: package dependencies
Result: NOTE
Packages suggested but not available for checking:
'Matrix.utils', 'monocle3', 'org.Mm.eg.db', 'ProjecTILs',
'SeuratWrappers', 'slingshot'
Flavors: r-release-macos-arm64, r-release-macos-x86_64
Version: 3.4.1
Check: package dependencies
Result: NOTE
Packages suggested but not available for checking:
'monocle3', 'ProjecTILs', 'SeuratWrappers'
Flavors: r-release-windows-x86_64, r-oldrel-windows-x86_64
Version: 3.4.1
Check: package dependencies
Result: NOTE
Packages suggested but not available for checking:
'monocle3', 'ProjecTILs', 'SeuratWrappers', 'slingshot'
Flavors: r-oldrel-macos-arm64, r-oldrel-macos-x86_64