CRAN Package Check Results for Package PlotContour

Last updated on 2023-09-26 01:06:30 CEST.

Flavor Version Tinstall Tcheck Ttotal Status Flags
r-devel-linux-x86_64-debian-clang 0.1.0 1.68 22.12 23.80 NOTE
r-devel-linux-x86_64-debian-gcc 0.1.0 1.63 18.02 19.65 NOTE
r-devel-linux-x86_64-fedora-clang 0.1.0 30.58 NOTE
r-devel-linux-x86_64-fedora-gcc 0.1.0 30.80 NOTE
r-devel-windows-x86_64 0.1.0 6.00 40.00 46.00 NOTE
r-patched-linux-x86_64 0.1.0 2.15 20.34 22.49 NOTE
r-release-linux-x86_64 0.1.0 2.15 20.16 22.31 NOTE
r-release-macos-arm64 0.1.0 16.00 NOTE
r-release-macos-x86_64 0.1.0 18.00 NOTE
r-release-windows-x86_64 0.1.0 3.00 37.00 40.00 NOTE
r-oldrel-macos-arm64 0.1.0 17.00 NOTE
r-oldrel-macos-x86_64 0.1.0 21.00 NOTE
r-oldrel-windows-x86_64 0.1.0 4.00 41.00 45.00 NOTE

Check Details

Version: 0.1.0
Check: LazyData
Result: NOTE
     'LazyData' is specified without a 'data' directory
Flavors: r-devel-linux-x86_64-debian-clang, r-devel-linux-x86_64-debian-gcc, r-devel-linux-x86_64-fedora-clang, r-devel-linux-x86_64-fedora-gcc, r-devel-windows-x86_64, r-patched-linux-x86_64, r-release-linux-x86_64, r-release-macos-arm64, r-release-macos-x86_64, r-release-windows-x86_64, r-oldrel-macos-arm64, r-oldrel-macos-x86_64, r-oldrel-windows-x86_64