Last updated on 2024-04-19 16:58:52 CEST.
Flavor | Version | Tinstall | Tcheck | Ttotal | Status | Flags |
---|---|---|---|---|---|---|
r-devel-linux-x86_64-debian-clang | 1.2.1 | 5.10 | 39.85 | 44.95 | NOTE | |
r-devel-linux-x86_64-debian-gcc | 1.2.1 | NOTE | ||||
r-devel-linux-x86_64-fedora-clang | 1.2.1 | 55.85 | NOTE | |||
r-devel-linux-x86_64-fedora-gcc | 1.2.1 | 51.78 | NOTE | |||
r-prerel-macos-arm64 | 1.2.1 | 20.00 | NOTE | |||
r-prerel-windows-x86_64 | 1.2.1 | 5.00 | 48.00 | 53.00 | NOTE | |
r-patched-linux-x86_64 | 1.2.1 | 2.85 | 37.18 | 40.03 | NOTE | |
r-release-linux-x86_64 | 1.2.1 | 3.05 | 38.70 | 41.75 | NOTE | |
r-release-macos-arm64 | 1.2.1 | 23.00 | NOTE | |||
r-release-macos-x86_64 | 1.2.1 | 31.00 | NOTE | |||
r-release-windows-x86_64 | 1.2.1 | 7.00 | 53.00 | 60.00 | NOTE | |
r-oldrel-macos-arm64 | 1.2.1 | 21.00 | NOTE | |||
r-oldrel-windows-x86_64 | 1.2.1 | 6.00 | 59.00 | 65.00 | NOTE |
Version: 1.2.1
Check: LazyData
Result: NOTE
'LazyData' is specified without a 'data' directory
Flavors: r-devel-linux-x86_64-debian-clang, r-devel-linux-x86_64-debian-gcc, r-devel-linux-x86_64-fedora-clang, r-devel-linux-x86_64-fedora-gcc, r-prerel-macos-arm64, r-prerel-windows-x86_64, r-patched-linux-x86_64, r-release-linux-x86_64, r-release-macos-arm64, r-release-macos-x86_64, r-release-windows-x86_64, r-oldrel-macos-arm64, r-oldrel-windows-x86_64