Last updated on 2024-04-27 08:48:36 CEST.
Flavor | Version | Tinstall | Tcheck | Ttotal | Status | Flags |
---|---|---|---|---|---|---|
r-devel-linux-x86_64-debian-clang | 1.7.1 | 36.74 | 53.53 | 90.27 | OK | |
r-devel-linux-x86_64-debian-gcc | 1.7.1 | 31.26 | 40.18 | 71.44 | OK | |
r-devel-linux-x86_64-fedora-clang | 1.7.1 | 121.72 | NOTE | |||
r-devel-linux-x86_64-fedora-gcc | 1.7.1 | 115.59 | NOTE | |||
r-devel-windows-x86_64 | 1.7.1 | 33.00 | 60.00 | 93.00 | OK | |
r-patched-linux-x86_64 | 1.7.1 | 28.72 | 51.66 | 80.38 | OK | |
r-release-linux-x86_64 | 1.7.1 | 26.24 | 54.42 | 80.66 | OK | |
r-release-macos-arm64 | 1.7.1 | 49.00 | OK | |||
r-release-windows-x86_64 | 1.7.1 | 33.00 | 60.00 | 93.00 | OK | |
r-oldrel-macos-arm64 | 1.7.1 | 52.00 | OK | |||
r-oldrel-macos-x86_64 | 1.7.1 | 78.00 | OK | |||
r-oldrel-windows-x86_64 | 1.7.1 | 43.00 | 68.00 | 111.00 | OK |
Version: 1.7.1
Check: data for non-ASCII characters
Result: NOTE
Note: found 7256 marked UTF-8 strings
Flavors: r-devel-linux-x86_64-fedora-clang, r-devel-linux-x86_64-fedora-gcc