Last updated on 2024-03-27 23:59:53 CET.
Flavor | Version | Tinstall | Tcheck | Ttotal | Status | Flags |
---|---|---|---|---|---|---|
r-devel-linux-x86_64-debian-clang | 0.2.0 | 7.12 | 137.47 | 144.59 | NOTE | |
r-devel-linux-x86_64-debian-gcc | 0.2.0 | 4.04 | 98.31 | 102.35 | NOTE | |
r-devel-linux-x86_64-fedora-clang | 0.2.0 | 174.52 | NOTE | |||
r-devel-linux-x86_64-fedora-gcc | 0.2.0 | 186.29 | NOTE | |||
r-devel-windows-x86_64 | 0.2.0 | 7.00 | 113.00 | 120.00 | NOTE | |
r-patched-linux-x86_64 | 0.2.0 | 3.85 | 134.30 | 138.15 | OK | |
r-release-linux-x86_64 | 0.2.0 | 6.39 | 132.95 | 139.34 | OK | |
r-release-macos-arm64 | 0.2.0 | 61.00 | OK | |||
r-release-macos-x86_64 | 0.2.0 | 81.00 | OK | |||
r-release-windows-x86_64 | 0.2.0 | 9.00 | 132.00 | 141.00 | OK | |
r-oldrel-macos-arm64 | 0.2.0 | 50.00 | NOTE | |||
r-oldrel-windows-x86_64 | 0.2.0 | 8.00 | 135.00 | 143.00 | OK |
Version: 0.2.0
Check: Rd files
Result: NOTE
checkRd: (-1) estimate.functional.Rd:34: Lost braces; missing escapes or markup?
34 | \item{bw}{function describing bandwidth selection (see ?gmm for alternatives). Standard is that the bandwidth depends on the sample length $T$ by $m(T)=T^{1/5}$.}
| ^
Flavors: r-devel-linux-x86_64-debian-clang, r-devel-linux-x86_64-debian-gcc, r-devel-linux-x86_64-fedora-clang, r-devel-linux-x86_64-fedora-gcc, r-devel-windows-x86_64
Version: 0.2.0
Check: dependencies in R code
Result: NOTE
Namespaces in Imports field not imported from:
‘car’ ‘lubridate’
All declared Imports should be used.
Flavors: r-devel-linux-x86_64-fedora-clang, r-devel-linux-x86_64-fedora-gcc, r-oldrel-macos-arm64