Last updated on 2024-04-19 01:04:47 CEST.
Flavor | Version | Tinstall | Tcheck | Ttotal | Status | Flags |
---|---|---|---|---|---|---|
r-devel-linux-x86_64-debian-clang | 1.3.2 | 50.58 | 439.99 | 490.57 | NOTE | |
r-devel-linux-x86_64-debian-gcc | 1.3.2 | 36.30 | 312.13 | 348.43 | NOTE | |
r-devel-linux-x86_64-fedora-clang | 1.3.2 | 646.71 | OK | |||
r-devel-linux-x86_64-fedora-gcc | 1.3.2 | 629.16 | OK | |||
r-prerel-macos-arm64 | 1.3.2 | 140.00 | NOTE | |||
r-prerel-macos-x86_64 | 1.3.2 | 430.00 | NOTE | |||
r-prerel-windows-x86_64 | 1.3.2 | 37.00 | 318.00 | 355.00 | OK | |
r-patched-linux-x86_64 | 1.3.2 | 50.43 | 414.06 | 464.49 | NOTE | |
r-release-linux-x86_64 | 1.3.2 | 31.20 | 417.13 | 448.33 | NOTE | |
r-release-macos-arm64 | 1.3.2 | 193.00 | NOTE | |||
r-release-macos-x86_64 | 1.3.2 | 320.00 | NOTE | |||
r-release-windows-x86_64 | 1.3.2 | 49.00 | 361.00 | 410.00 | NOTE | |
r-oldrel-macos-arm64 | 1.3.2 | 147.00 | NOTE | |||
r-oldrel-windows-x86_64 | 1.3.2 | 51.00 | 358.00 | 409.00 | NOTE |
Version: 1.3.2
Check: package dependencies
Result: NOTE
Package suggested but not available for checking: ‘INLA’
Flavors: r-devel-linux-x86_64-debian-clang, r-devel-linux-x86_64-debian-gcc, r-prerel-macos-arm64, r-prerel-macos-x86_64, r-patched-linux-x86_64, r-release-linux-x86_64, r-release-macos-arm64, r-release-macos-x86_64, r-release-windows-x86_64, r-oldrel-macos-arm64, r-oldrel-windows-x86_64
Version: 1.3.2
Check: Rd cross-references
Result: NOTE
Package unavailable to check Rd xrefs: ‘INLA’
Flavors: r-devel-linux-x86_64-debian-clang, r-devel-linux-x86_64-debian-gcc, r-prerel-macos-arm64, r-prerel-macos-x86_64, r-patched-linux-x86_64, r-release-linux-x86_64, r-release-macos-arm64, r-release-macos-x86_64, r-release-windows-x86_64, r-oldrel-macos-arm64, r-oldrel-windows-x86_64