Last updated on 2023-06-09 16:57:03 CEST.
Flavor | Version | Tinstall | Tcheck | Ttotal | Status | Flags |
---|---|---|---|---|---|---|
r-devel-linux-x86_64-debian-clang | 0.3 | 12.70 | 126.32 | 139.02 | OK | |
r-devel-linux-x86_64-debian-gcc | 0.3 | 11.08 | 94.60 | 105.68 | OK | |
r-devel-linux-x86_64-fedora-clang | 0.3 | 175.94 | NOTE | |||
r-devel-linux-x86_64-fedora-gcc | 0.3 | 174.03 | NOTE | |||
r-devel-windows-x86_64 | 0.3 | 12.00 | 106.00 | 118.00 | OK | |
r-patched-linux-x86_64 | 0.3 | 15.61 | 118.73 | 134.34 | OK | |
r-release-linux-x86_64 | 0.3 | 11.97 | 118.23 | 130.20 | OK | |
r-release-macos-arm64 | 0.3 | 56.00 | OK | |||
r-release-macos-x86_64 | 0.3 | 92.00 | OK | |||
r-release-windows-x86_64 | 0.3 | 16.00 | 128.00 | 144.00 | OK | |
r-oldrel-macos-arm64 | 0.3 | 48.00 | NOTE | |||
r-oldrel-macos-x86_64 | 0.3 | 95.00 | NOTE | |||
r-oldrel-windows-x86_64 | 0.3 | 16.00 | 124.00 | 140.00 | OK |
Version: 0.3
Check: data for non-ASCII characters
Result: NOTE
Note: found 21 marked UTF-8 strings
Flavors: r-devel-linux-x86_64-fedora-clang, r-devel-linux-x86_64-fedora-gcc, r-oldrel-macos-arm64, r-oldrel-macos-x86_64