CRAN Package Check Results for Package PolicyPortfolios

Last updated on 2024-06-17 19:51:37 CEST.

Flavor Version Tinstall Tcheck Ttotal Status Flags
r-devel-linux-x86_64-debian-clang 0.3 10.70 124.52 135.22 OK
r-devel-linux-x86_64-debian-gcc 0.3 10.09 91.24 101.33 OK
r-devel-linux-x86_64-fedora-clang 0.3 176.06 NOTE
r-devel-linux-x86_64-fedora-gcc 0.3 173.43 NOTE
r-devel-windows-x86_64 0.3 12.00 102.00 114.00 OK
r-patched-linux-x86_64 0.3 17.12 118.42 135.54 OK
r-release-linux-x86_64 0.3 10.21 119.95 130.16 OK
r-release-macos-arm64 0.3 51.00 OK
r-release-macos-x86_64 0.3 84.00 OK
r-release-windows-x86_64 0.3 12.00 105.00 117.00 OK
r-oldrel-macos-arm64 0.3 56.00 OK
r-oldrel-macos-x86_64 0.3 92.00 OK
r-oldrel-windows-x86_64 0.3 15.00 127.00 142.00 OK

Check Details

Version: 0.3
Check: data for non-ASCII characters
Result: NOTE Note: found 21 marked UTF-8 strings Flavors: r-devel-linux-x86_64-fedora-clang, r-devel-linux-x86_64-fedora-gcc