Last updated on 2024-04-19 16:58:53 CEST.
Flavor | Version | Tinstall | Tcheck | Ttotal | Status | Flags |
---|---|---|---|---|---|---|
r-devel-linux-x86_64-debian-clang | 0.3 | 13.08 | 124.47 | 137.55 | OK | |
r-devel-linux-x86_64-debian-gcc | 0.3 | OK | ||||
r-devel-linux-x86_64-fedora-clang | 0.3 | 170.15 | NOTE | |||
r-devel-linux-x86_64-fedora-gcc | 0.3 | 170.83 | NOTE | |||
r-prerel-macos-arm64 | 0.3 | 51.00 | OK | |||
r-prerel-windows-x86_64 | 0.3 | 11.00 | 102.00 | 113.00 | OK | |
r-patched-linux-x86_64 | 0.3 | 18.48 | 114.30 | 132.78 | OK | |
r-release-linux-x86_64 | 0.3 | 12.26 | 121.12 | 133.38 | OK | |
r-release-macos-arm64 | 0.3 | 56.00 | OK | |||
r-release-macos-x86_64 | 0.3 | 92.00 | OK | |||
r-release-windows-x86_64 | 0.3 | 16.00 | 124.00 | 140.00 | OK | |
r-oldrel-macos-arm64 | 0.3 | 48.00 | NOTE | |||
r-oldrel-windows-x86_64 | 0.3 | 16.00 | 126.00 | 142.00 | OK |
Version: 0.3
Check: data for non-ASCII characters
Result: NOTE
Note: found 21 marked UTF-8 strings
Flavors: r-devel-linux-x86_64-fedora-clang, r-devel-linux-x86_64-fedora-gcc, r-oldrel-macos-arm64