Last updated on 2023-12-09 00:52:48 CET.
Flavor | Version | Tinstall | Tcheck | Ttotal | Status | Flags |
---|---|---|---|---|---|---|
r-devel-linux-x86_64-debian-clang | 0.1.3 | 254.06 | 163.74 | 417.80 | NOTE | |
r-devel-linux-x86_64-debian-gcc | 0.1.3 | 221.16 | 133.29 | 354.45 | NOTE | |
r-devel-linux-x86_64-fedora-clang | 0.1.3 | 544.33 | NOTE | |||
r-devel-linux-x86_64-fedora-gcc | 0.1.3 | 655.08 | NOTE | |||
r-devel-windows-x86_64 | 0.1.3 | 208.00 | 158.00 | 366.00 | NOTE | |
r-patched-linux-x86_64 | 0.1.3 | 219.21 | 174.53 | 393.74 | NOTE | |
r-release-linux-x86_64 | 0.1.3 | 212.49 | 172.89 | 385.38 | NOTE | |
r-release-macos-arm64 | 0.1.3 | 135.00 | NOTE | |||
r-release-macos-x86_64 | 0.1.3 | 225.00 | NOTE | |||
r-release-windows-x86_64 | 0.1.3 | 263.00 | 200.00 | 463.00 | NOTE | |
r-oldrel-macos-arm64 | 0.1.3 | 138.00 | NOTE | |||
r-oldrel-macos-x86_64 | 0.1.3 | 175.00 | NOTE | |||
r-oldrel-windows-x86_64 | 0.1.3 | 236.00 | 186.00 | 422.00 | NOTE |
Version: 0.1.3
Check: for GNU extensions in Makefiles
Result: NOTE
GNU make is a SystemRequirements.
Flavors: r-devel-linux-x86_64-debian-clang, r-devel-linux-x86_64-debian-gcc, r-devel-linux-x86_64-fedora-clang, r-devel-linux-x86_64-fedora-gcc, r-devel-windows-x86_64, r-patched-linux-x86_64, r-release-linux-x86_64, r-release-macos-arm64, r-release-macos-x86_64, r-release-windows-x86_64, r-oldrel-macos-arm64, r-oldrel-macos-x86_64, r-oldrel-windows-x86_64
Version: 0.1.3
Check: dependencies in R code
Result: NOTE
Namespace in Imports field not imported from: ‘rstantools’
All declared Imports should be used.
Flavors: r-devel-linux-x86_64-fedora-clang, r-devel-linux-x86_64-fedora-gcc, r-oldrel-macos-arm64, r-oldrel-macos-x86_64
Version: 0.1.3
Check: installed package size
Result: NOTE
installed size is 43.2Mb
sub-directories of 1Mb or more:
libs 42.9Mb
Flavors: r-release-macos-arm64, r-release-macos-x86_64, r-oldrel-macos-arm64, r-oldrel-macos-x86_64