Last updated on 2023-05-22 17:01:29 CEST.
Flavor | Version | Tinstall | Tcheck | Ttotal | Status | Flags |
---|---|---|---|---|---|---|
r-devel-linux-x86_64-debian-clang | 0.1.3 | 237.12 | 121.23 | 358.35 | NOTE | |
r-devel-linux-x86_64-debian-gcc | 0.1.3 | 221.35 | 102.54 | 323.89 | NOTE | |
r-devel-linux-x86_64-fedora-clang | 0.1.3 | 468.67 | NOTE | |||
r-devel-linux-x86_64-fedora-gcc | 0.1.3 | 617.31 | NOTE | |||
r-devel-windows-x86_64 | 0.1.3 | 200.00 | 142.00 | 342.00 | NOTE | |
r-patched-linux-x86_64 | 0.1.3 | 228.44 | 131.11 | 359.55 | NOTE | |
r-release-linux-x86_64 | 0.1.3 | 233.87 | 130.53 | 364.40 | NOTE | |
r-release-macos-arm64 | 0.1.3 | 135.00 | NOTE | |||
r-release-macos-x86_64 | 0.1.3 | 225.00 | NOTE | |||
r-release-windows-x86_64 | 0.1.3 | 253.00 | 182.00 | 435.00 | NOTE | |
r-oldrel-macos-arm64 | 0.1.3 | 138.00 | NOTE | |||
r-oldrel-macos-x86_64 | 0.1.3 | 175.00 | NOTE | |||
r-oldrel-windows-x86_64 | 0.1.3 | 226.00 | 170.00 | 396.00 | NOTE |
Version: 0.1.3
Check: for GNU extensions in Makefiles
Result: NOTE
GNU make is a SystemRequirements.
Flavors: r-devel-linux-x86_64-debian-clang, r-devel-linux-x86_64-debian-gcc, r-devel-linux-x86_64-fedora-clang, r-devel-linux-x86_64-fedora-gcc, r-devel-windows-x86_64, r-patched-linux-x86_64, r-release-linux-x86_64, r-release-macos-arm64, r-release-macos-x86_64, r-release-windows-x86_64, r-oldrel-macos-arm64, r-oldrel-macos-x86_64, r-oldrel-windows-x86_64
Version: 0.1.3
Check: dependencies in R code
Result: NOTE
Namespace in Imports field not imported from: ‘rstantools’
All declared Imports should be used.
Flavors: r-devel-linux-x86_64-fedora-clang, r-devel-linux-x86_64-fedora-gcc, r-oldrel-macos-arm64, r-oldrel-macos-x86_64
Version: 0.1.3
Check: installed package size
Result: NOTE
installed size is 43.2Mb
sub-directories of 1Mb or more:
libs 42.9Mb
Flavors: r-release-macos-arm64, r-release-macos-x86_64, r-oldrel-macos-arm64, r-oldrel-macos-x86_64