CRAN Package Check Results for Package PortfolioAnalytics

Last updated on 2021-12-02 20:51:38 CET.

Flavor Version Tinstall Tcheck Ttotal Status Flags
r-devel-linux-x86_64-debian-clang 1.1.0 21.19 357.46 378.65 OK
r-devel-linux-x86_64-debian-gcc 1.1.0 16.06 247.36 263.42 OK
r-devel-linux-x86_64-fedora-clang 1.1.0 458.22 OK
r-devel-linux-x86_64-fedora-gcc 1.1.0 425.07 OK
r-devel-windows-x86_64-new-UL 1.1.0 46.00 177.00 223.00 OK --no-vignettes
r-devel-windows-x86_64-new-TK 1.1.0 OK
r-devel-windows-x86_64-old 1.1.0 30.00 89.00 119.00 OK --no-vignettes
r-patched-linux-x86_64 1.1.0 19.64 259.91 279.55 OK
r-patched-solaris-x86 1.1.0 416.50 NOTE
r-release-linux-x86_64 1.1.0 21.23 256.06 277.29 OK
r-release-macos-arm64 1.1.0 NOTE
r-release-macos-x86_64 1.1.0 OK
r-release-windows-ix86+x86_64 1.1.0 34.00 100.00 134.00 OK --no-vignettes
r-oldrel-macos-x86_64 1.1.0 NOTE
r-oldrel-windows-ix86+x86_64 1.1.0 35.00 113.00 148.00 OK --no-vignettes

Check Details

Version: 1.1.0
Check: package dependencies
Result: NOTE
    Package suggested but not available for checking: ‘ROI.plugin.symphony’
Flavors: r-patched-solaris-x86, r-release-macos-arm64, r-oldrel-macos-x86_64