CRAN Package Check Results for Package PortfolioOptim

Last updated on 2024-06-19 08:57:57 CEST.

Flavor Version Tinstall Tcheck Ttotal Status Flags
r-devel-linux-x86_64-debian-clang 1.1.1 3.13 27.57 30.70 NOTE
r-devel-linux-x86_64-debian-gcc 1.1.1 2.25 21.35 23.60 NOTE
r-devel-linux-x86_64-fedora-clang 1.1.1 41.99 NOTE
r-devel-linux-x86_64-fedora-gcc 1.1.1 38.81 NOTE
r-devel-windows-x86_64 1.1.1 3.00 44.00 47.00 NOTE
r-patched-linux-x86_64 1.1.1 3.14 27.24 30.38 NOTE
r-release-linux-x86_64 1.1.1 2.43 28.32 30.75 NOTE
r-release-macos-arm64 1.1.1 17.00 NOTE
r-release-macos-x86_64 1.1.1 22.00 NOTE
r-release-windows-x86_64 1.1.1 4.00 43.00 47.00 NOTE
r-oldrel-macos-arm64 1.1.1 19.00 NOTE
r-oldrel-macos-x86_64 1.1.1 24.00 NOTE
r-oldrel-windows-x86_64 1.1.1 3.00 45.00 48.00 NOTE

Check Details

Version: 1.1.1
Check: LazyData
Result: NOTE 'LazyData' is specified without a 'data' directory Flavors: r-devel-linux-x86_64-debian-clang, r-devel-linux-x86_64-debian-gcc, r-devel-linux-x86_64-fedora-clang, r-devel-linux-x86_64-fedora-gcc, r-devel-windows-x86_64, r-patched-linux-x86_64, r-release-linux-x86_64, r-release-macos-arm64, r-release-macos-x86_64, r-release-windows-x86_64, r-oldrel-macos-arm64, r-oldrel-macos-x86_64, r-oldrel-windows-x86_64