CRAN Package Check Results for Package PortfolioOptim

Last updated on 2023-12-08 00:52:04 CET.

Flavor Version Tinstall Tcheck Ttotal Status Flags
r-devel-linux-x86_64-debian-clang 1.1.1 2.79 27.40 30.19 NOTE
r-devel-linux-x86_64-debian-gcc 1.1.1 1.88 21.47 23.35 NOTE
r-devel-linux-x86_64-fedora-clang 1.1.1 39.54 NOTE
r-devel-linux-x86_64-fedora-gcc 1.1.1 38.95 NOTE
r-devel-windows-x86_64 1.1.1 4.00 44.00 48.00 NOTE
r-patched-linux-x86_64 1.1.1 2.15 27.37 29.52 NOTE
r-release-linux-x86_64 1.1.1 2.75 27.41 30.16 NOTE
r-release-macos-arm64 1.1.1 19.00 NOTE
r-release-macos-x86_64 1.1.1 24.00 NOTE
r-release-windows-x86_64 1.1.1 3.00 46.00 49.00 NOTE
r-oldrel-macos-arm64 1.1.1 18.00 NOTE
r-oldrel-macos-x86_64 1.1.1 22.00 NOTE
r-oldrel-windows-x86_64 1.1.1 4.00 52.00 56.00 NOTE

Check Details

Version: 1.1.1
Check: LazyData
Result: NOTE 'LazyData' is specified without a 'data' directory Flavors: r-devel-linux-x86_64-debian-clang, r-devel-linux-x86_64-debian-gcc, r-devel-linux-x86_64-fedora-clang, r-devel-linux-x86_64-fedora-gcc, r-devel-windows-x86_64, r-patched-linux-x86_64, r-release-linux-x86_64, r-release-macos-arm64, r-release-macos-x86_64, r-release-windows-x86_64, r-oldrel-macos-arm64, r-oldrel-macos-x86_64, r-oldrel-windows-x86_64