Last updated on 2024-03-29 15:54:47 CET.
Flavor | Version | Tinstall | Tcheck | Ttotal | Status | Flags |
---|---|---|---|---|---|---|
r-devel-linux-x86_64-debian-clang | 1.0.2 | 9.94 | 100.82 | 110.76 | NOTE | |
r-devel-linux-x86_64-debian-gcc | 1.0.2 | 9.08 | 75.87 | 84.95 | NOTE | |
r-devel-linux-x86_64-fedora-clang | 1.0.2 | 152.84 | NOTE | |||
r-devel-linux-x86_64-fedora-gcc | 1.0.2 | 148.14 | NOTE | |||
r-devel-windows-x86_64 | 1.0.2 | 10.00 | 94.00 | 104.00 | NOTE | |
r-patched-linux-x86_64 | 1.0.2 | 9.38 | 95.55 | 104.93 | NOTE | |
r-release-linux-x86_64 | 1.0.2 | 7.97 | 99.74 | 107.71 | NOTE | |
r-release-macos-arm64 | 1.0.2 | 56.00 | NOTE | |||
r-release-macos-x86_64 | 1.0.2 | 82.00 | NOTE | |||
r-release-windows-x86_64 | 1.0.2 | 14.00 | 111.00 | 125.00 | NOTE | |
r-oldrel-macos-arm64 | 1.0.2 | 40.00 | NOTE | |||
r-oldrel-windows-x86_64 | 1.0.2 | 15.00 | 109.00 | 124.00 | NOTE |
Version: 1.0.2
Check: LazyData
Result: NOTE
'LazyData' is specified without a 'data' directory
Flavors: r-devel-linux-x86_64-debian-clang, r-devel-linux-x86_64-debian-gcc, r-devel-linux-x86_64-fedora-clang, r-devel-linux-x86_64-fedora-gcc, r-devel-windows-x86_64, r-patched-linux-x86_64, r-release-linux-x86_64, r-release-macos-arm64, r-release-macos-x86_64, r-release-windows-x86_64, r-oldrel-macos-arm64, r-oldrel-windows-x86_64