Last updated on 2023-05-28 23:14:06 CEST.
Flavor | Version | Tinstall | Tcheck | Ttotal | Status | Flags |
---|---|---|---|---|---|---|
r-devel-linux-x86_64-debian-clang | 1.0.2 | 12.20 | 108.70 | 120.90 | NOTE | |
r-devel-linux-x86_64-debian-gcc | 1.0.2 | 8.59 | 79.85 | 88.44 | NOTE | |
r-devel-linux-x86_64-fedora-clang | 1.0.2 | 151.80 | NOTE | |||
r-devel-linux-x86_64-fedora-gcc | 1.0.2 | 168.97 | NOTE | |||
r-devel-windows-x86_64 | 1.0.2 | 10.00 | 98.00 | 108.00 | NOTE | |
r-patched-linux-x86_64 | 1.0.2 | 11.36 | 99.02 | 110.38 | NOTE | |
r-release-linux-x86_64 | 1.0.2 | 9.58 | 98.87 | 108.45 | NOTE | |
r-release-macos-arm64 | 1.0.2 | 56.00 | NOTE | |||
r-release-macos-x86_64 | 1.0.2 | 82.00 | NOTE | |||
r-release-windows-x86_64 | 1.0.2 | 14.00 | 116.00 | 130.00 | NOTE | |
r-oldrel-macos-arm64 | 1.0.2 | 40.00 | NOTE | |||
r-oldrel-macos-x86_64 | 1.0.2 | 81.00 | NOTE | |||
r-oldrel-windows-x86_64 | 1.0.2 | 15.00 | 112.00 | 127.00 | NOTE |
Version: 1.0.2
Check: LazyData
Result: NOTE
'LazyData' is specified without a 'data' directory
Flavors: r-devel-linux-x86_64-debian-clang, r-devel-linux-x86_64-debian-gcc, r-devel-linux-x86_64-fedora-clang, r-devel-linux-x86_64-fedora-gcc, r-devel-windows-x86_64, r-patched-linux-x86_64, r-release-linux-x86_64, r-release-macos-arm64, r-release-macos-x86_64, r-release-windows-x86_64, r-oldrel-macos-arm64, r-oldrel-macos-x86_64, r-oldrel-windows-x86_64