Last updated on 2023-06-10 16:53:44 CEST.
Flavor | Version | Tinstall | Tcheck | Ttotal | Status | Flags |
---|---|---|---|---|---|---|
r-devel-linux-x86_64-debian-clang | 1.5.4 | 52.72 | 408.77 | 461.49 | NOTE | |
r-devel-linux-x86_64-debian-gcc | 1.5.4 | 46.11 | 305.98 | 352.09 | NOTE | |
r-devel-linux-x86_64-fedora-clang | 1.5.4 | 596.60 | OK | |||
r-devel-linux-x86_64-fedora-gcc | 1.5.4 | 553.65 | OK | |||
r-devel-windows-x86_64 | 1.5.4 | 42.00 | 248.00 | 290.00 | NOTE | |
r-patched-linux-x86_64 | 1.5.4 | 65.58 | 390.29 | 455.87 | NOTE | |
r-release-linux-x86_64 | 1.5.4 | 44.54 | 393.91 | 438.45 | NOTE | |
r-release-macos-arm64 | 1.5.4 | 120.00 | NOTE | |||
r-release-macos-x86_64 | 1.5.4 | 234.00 | NOTE | |||
r-release-windows-x86_64 | 1.5.4 | 61.00 | 338.00 | 399.00 | NOTE | |
r-oldrel-macos-arm64 | 1.5.4 | 100.00 | NOTE | |||
r-oldrel-macos-x86_64 | 1.5.4 | 185.00 | NOTE | |||
r-oldrel-windows-x86_64 | 1.5.4 | 61.00 | 317.00 | 378.00 | NOTE |
Version: 1.5.4
Check: package dependencies
Result: NOTE
Package suggested but not available for checking: ‘INLA’
Flavors: r-devel-linux-x86_64-debian-clang, r-devel-linux-x86_64-debian-gcc, r-devel-windows-x86_64, r-patched-linux-x86_64, r-release-linux-x86_64, r-release-macos-arm64, r-release-macos-x86_64, r-release-windows-x86_64, r-oldrel-macos-arm64, r-oldrel-macos-x86_64, r-oldrel-windows-x86_64