Last updated on 2023-06-02 18:52:52 CEST.
Flavor | Version | Tinstall | Tcheck | Ttotal | Status | Flags |
---|---|---|---|---|---|---|
r-devel-linux-x86_64-debian-clang | 1.1 | 95.79 | 76.23 | 172.02 | OK | |
r-devel-linux-x86_64-debian-gcc | 1.1 | 86.63 | 61.16 | 147.79 | OK | |
r-devel-linux-x86_64-fedora-clang | 1.1 | 222.47 | OK | |||
r-devel-linux-x86_64-fedora-gcc | 1.1 | 279.37 | OK | |||
r-devel-windows-x86_64 | 1.1 | 63.00 | 99.00 | 162.00 | OK | |
r-patched-linux-x86_64 | 1.1 | OK | ||||
r-release-linux-x86_64 | 1.1 | 86.43 | 75.42 | 161.85 | OK | |
r-release-macos-arm64 | 1.1 | 74.00 | NOTE | |||
r-release-macos-x86_64 | 1.1 | 122.00 | NOTE | |||
r-release-windows-x86_64 | 1.1 | 83.00 | 115.00 | 198.00 | OK | |
r-oldrel-macos-arm64 | 1.1 | 63.00 | NOTE | |||
r-oldrel-macos-x86_64 | 1.1 | 82.00 | NOTE | |||
r-oldrel-windows-x86_64 | 1.1 | 74.00 | 106.00 | 180.00 | OK |
Version: 1.1
Check: installed package size
Result: NOTE
installed size is 21.8Mb
sub-directories of 1Mb or more:
libs 21.6Mb
Flavors: r-release-macos-arm64, r-release-macos-x86_64, r-oldrel-macos-arm64, r-oldrel-macos-x86_64