Last updated on 2024-04-24 00:55:53 CEST.
Flavor | Version | Tinstall | Tcheck | Ttotal | Status | Flags |
---|---|---|---|---|---|---|
r-devel-linux-x86_64-debian-clang | 1.1 | 110.17 | 74.00 | 184.17 | OK | |
r-devel-linux-x86_64-debian-gcc | 1.1 | 87.98 | 56.89 | 144.87 | OK | |
r-devel-linux-x86_64-fedora-clang | 1.1 | 208.30 | OK | |||
r-devel-linux-x86_64-fedora-gcc | 1.1 | 248.63 | OK | |||
r-prerel-macos-arm64 | 1.1 | 54.00 | NOTE | |||
r-prerel-windows-x86_64 | 1.1 | 71.00 | 92.00 | 163.00 | OK | |
r-patched-linux-x86_64 | 1.1 | 94.65 | 70.66 | 165.31 | OK | |
r-release-linux-x86_64 | 1.1 | 94.47 | 77.09 | 171.56 | OK | |
r-release-macos-arm64 | 1.1 | 74.00 | NOTE | |||
r-release-macos-x86_64 | 1.1 | 122.00 | NOTE | |||
r-release-windows-x86_64 | 1.1 | 88.00 | 109.00 | 197.00 | OK | |
r-oldrel-macos-arm64 | 1.1 | 63.00 | NOTE | |||
r-oldrel-windows-x86_64 | 1.1 | 75.00 | 104.00 | 179.00 | OK |
Version: 1.1
Check: installed package size
Result: NOTE
installed size is 20.8Mb
sub-directories of 1Mb or more:
libs 20.6Mb
Flavors: r-prerel-macos-arm64, r-release-macos-arm64, r-release-macos-x86_64, r-oldrel-macos-arm64