Last updated on 2024-03-28 23:55:16 CET.
Flavor | Version | Tinstall | Tcheck | Ttotal | Status | Flags |
---|---|---|---|---|---|---|
r-devel-linux-x86_64-debian-clang | 0.3.2 | 45.71 | 96.56 | 142.27 | NOTE | |
r-devel-linux-x86_64-debian-gcc | 0.3.2 | 33.83 | 71.82 | 105.65 | NOTE | |
r-devel-linux-x86_64-fedora-clang | 0.3.2 | 181.76 | NOTE | |||
r-devel-linux-x86_64-fedora-gcc | 0.3.2 | 184.11 | NOTE | |||
r-devel-windows-x86_64 | 0.3.2 | 37.00 | 106.00 | 143.00 | NOTE | |
r-patched-linux-x86_64 | 0.3.2 | 41.83 | 90.70 | 132.53 | NOTE | |
r-release-linux-x86_64 | 0.3.2 | 42.85 | 92.86 | 135.71 | OK | |
r-release-macos-arm64 | 0.3.2 | 53.00 | OK | |||
r-release-macos-x86_64 | 0.3.2 | 89.00 | OK | |||
r-release-windows-x86_64 | 0.3.2 | 49.00 | 131.00 | 180.00 | OK | |
r-oldrel-macos-arm64 | 0.3.2 | 46.00 | OK | |||
r-oldrel-windows-x86_64 | 0.3.2 | 43.00 | 118.00 | 161.00 | OK |
Version: 0.3.2
Check: Rd files
Result: NOTE
checkRd: (-1) proc.Rd:27: Lost braces in \itemize; meant \describe ?
checkRd: (-1) proc.Rd:28: Lost braces in \itemize; meant \describe ?
Flavors: r-devel-linux-x86_64-debian-clang, r-devel-linux-x86_64-debian-gcc, r-devel-linux-x86_64-fedora-clang, r-devel-linux-x86_64-fedora-gcc, r-devel-windows-x86_64, r-patched-linux-x86_64