CRAN Package Check Results for Package PubMedMining

Last updated on 2021-10-17 00:48:47 CEST.

Flavor Version Tinstall Tcheck Ttotal Status Flags
r-devel-linux-x86_64-debian-clang 1.0.0 1.86 21.51 23.37 NOTE
r-devel-linux-x86_64-debian-gcc 1.0.0 1.57 17.54 19.11 NOTE
r-devel-linux-x86_64-fedora-clang 1.0.0 40.44 NOTE
r-devel-linux-x86_64-fedora-gcc 1.0.0 29.09 NOTE
r-devel-windows-x86_64 1.0.0 3.00 32.00 35.00 NOTE
r-devel-windows-x86_64-gcc10-UCRT 1.0.0 NOTE
r-patched-linux-x86_64 1.0.0 1.93 21.15 23.08 NOTE
r-patched-solaris-x86 1.0.0 44.90 NOTE
r-release-linux-x86_64 1.0.0 1.93 20.93 22.86 NOTE
r-release-macos-arm64 1.0.0 NOTE
r-release-macos-x86_64 1.0.0 NOTE
r-release-windows-ix86+x86_64 1.0.0 3.00 37.00 40.00 NOTE
r-oldrel-macos-x86_64 1.0.0 OK
r-oldrel-windows-ix86+x86_64 1.0.0 5.00 40.00 45.00 OK

Check Details

Version: 1.0.0
Check: LazyData
Result: NOTE
     'LazyData' is specified without a 'data' directory
Flavors: r-devel-linux-x86_64-debian-clang, r-devel-linux-x86_64-debian-gcc, r-devel-linux-x86_64-fedora-clang, r-devel-linux-x86_64-fedora-gcc, r-devel-windows-x86_64, r-devel-windows-x86_64-gcc10-UCRT, r-patched-linux-x86_64, r-patched-solaris-x86, r-release-linux-x86_64, r-release-macos-arm64, r-release-macos-x86_64, r-release-windows-ix86+x86_64