CRAN Package Check Results for Package PubMedWordcloud

Last updated on 2024-06-15 00:54:14 CEST.

Flavor Version Tinstall Tcheck Ttotal Status Flags
r-devel-linux-x86_64-debian-clang 0.3.6 5.14 50.59 55.73 NOTE
r-devel-linux-x86_64-debian-gcc 0.3.6 5.14 38.91 44.05 NOTE
r-devel-linux-x86_64-fedora-clang 0.3.6 72.23 NOTE
r-devel-linux-x86_64-fedora-gcc 0.3.6 67.33 NOTE
r-devel-windows-x86_64 0.3.6 6.00 56.00 62.00 NOTE
r-patched-linux-x86_64 0.3.6 5.34 50.04 55.38 NOTE
r-release-linux-x86_64 0.3.6 6.13 49.86 55.99 NOTE
r-release-macos-arm64 0.3.6 23.00 NOTE
r-release-macos-x86_64 0.3.6 35.00 NOTE
r-release-windows-x86_64 0.3.6 5.00 58.00 63.00 NOTE
r-oldrel-macos-arm64 0.3.6 25.00 OK
r-oldrel-macos-x86_64 0.3.6 37.00 OK
r-oldrel-windows-x86_64 0.3.6 7.00 65.00 72.00 OK

Check Details

Version: 0.3.6
Check: Rd files
Result: NOTE checkRd: (-1) plotWordCloud.Rd:5: Lost braces; missing escapes or markup? 5 | \title{PubMed wordcloud using function 'wordcloud' of package {wordcloud}} | ^ checkRd: (-1) plotWordCloud.Rd:32: Lost braces; missing escapes or markup? 32 | This function just call 'wordcloud' from package {wordcloud}. See package {wordcloud} for more details about the parameters. | ^ checkRd: (-1) plotWordCloud.Rd:32: Lost braces; missing escapes or markup? 32 | This function just call 'wordcloud' from package {wordcloud}. See package {wordcloud} for more details about the parameters. | ^ Flavors: r-devel-linux-x86_64-debian-clang, r-devel-linux-x86_64-debian-gcc, r-devel-linux-x86_64-fedora-clang, r-devel-linux-x86_64-fedora-gcc, r-devel-windows-x86_64, r-patched-linux-x86_64, r-release-linux-x86_64, r-release-macos-arm64, r-release-macos-x86_64, r-release-windows-x86_64