Last updated on 2023-09-26 17:09:26 CEST.
Flavor | Version | Tinstall | Tcheck | Ttotal | Status | Flags |
---|---|---|---|---|---|---|
r-devel-linux-x86_64-debian-clang | 0.6.2 | 11.77 | 164.83 | 176.60 | OK | |
r-devel-linux-x86_64-debian-gcc | 0.6.2 | 11.27 | 118.59 | 129.86 | OK | |
r-devel-linux-x86_64-fedora-clang | 0.6.2 | 210.71 | NOTE | |||
r-devel-linux-x86_64-fedora-gcc | 0.6.2 | 230.16 | OK | |||
r-devel-windows-x86_64 | 0.6.2 | 13.00 | 141.00 | 154.00 | OK | |
r-patched-linux-x86_64 | 0.6.2 | 18.22 | 151.20 | 169.42 | OK | |
r-release-linux-x86_64 | 0.6.2 | 8.98 | 150.98 | 159.96 | OK | |
r-release-macos-arm64 | 0.6.2 | 76.00 | OK | |||
r-release-macos-x86_64 | 0.6.2 | 112.00 | OK | |||
r-release-windows-x86_64 | 0.6.2 | 15.00 | 167.00 | 182.00 | OK | |
r-oldrel-macos-arm64 | 0.6.2 | 61.00 | OK | |||
r-oldrel-macos-x86_64 | 0.6.2 | 120.00 | OK | |||
r-oldrel-windows-x86_64 | 0.6.2 | 17.00 | 168.00 | 185.00 | OK |
Version: 0.6.2
Check: Rd cross-references
Result: NOTE
Undeclared package ‘tibble’ in Rd xrefs
Flavor: r-devel-linux-x86_64-fedora-clang