Last updated on 2023-12-03 00:56:53 CET.
Flavor | Version | Tinstall | Tcheck | Ttotal | Status | Flags |
---|---|---|---|---|---|---|
r-devel-linux-x86_64-debian-clang | 0.0.5 | 7.92 | 138.62 | 146.54 | OK | |
r-devel-linux-x86_64-debian-gcc | 0.0.5 | 5.84 | 102.95 | 108.79 | OK | |
r-devel-linux-x86_64-fedora-clang | 0.0.5 | 182.37 | NOTE | |||
r-devel-linux-x86_64-fedora-gcc | 0.0.5 | 191.35 | NOTE | |||
r-devel-windows-x86_64 | 0.0.5 | 9.00 | 129.00 | 138.00 | OK | |
r-patched-linux-x86_64 | 0.0.5 | 5.77 | 131.08 | 136.85 | OK | |
r-release-linux-x86_64 | 0.0.5 | 6.75 | 133.96 | 140.71 | OK | |
r-release-macos-arm64 | 0.0.5 | 63.00 | OK | |||
r-release-macos-x86_64 | 0.0.5 | 176.00 | OK | |||
r-release-windows-x86_64 | 0.0.5 | 10.00 | 156.00 | 166.00 | OK | |
r-oldrel-macos-arm64 | 0.0.5 | 66.00 | OK | |||
r-oldrel-macos-x86_64 | 0.0.5 | 76.00 | OK | |||
r-oldrel-windows-x86_64 | 0.0.5 | 11.00 | 155.00 | 166.00 | OK |
Version: 0.0.5
Check: dependencies in R code
Result: NOTE
Namespaces in Imports field not imported from:
‘itsadug’ ‘mgcv’
All declared Imports should be used.
Flavors: r-devel-linux-x86_64-fedora-clang, r-devel-linux-x86_64-fedora-gcc