CRAN Package Check Results for Package QBAsyDist

Last updated on 2021-12-06 04:50:45 CET.

Flavor Version Tinstall Tcheck Ttotal Status Flags
r-devel-linux-x86_64-debian-clang 0.1.2 20.30 159.82 180.12 NOTE
r-devel-linux-x86_64-debian-gcc 0.1.2 14.96 120.04 135.00 NOTE
r-devel-linux-x86_64-fedora-clang 0.1.2 216.62 NOTE
r-devel-linux-x86_64-fedora-gcc 0.1.2 201.99 NOTE
r-devel-windows-x86_64-new-UL 0.1.2 36.00 201.00 237.00 NOTE
r-devel-windows-x86_64-new-TK 0.1.2 NOTE
r-devel-windows-x86_64-old 0.1.2 31.00 137.00 168.00 OK
r-patched-linux-x86_64 0.1.2 20.88 141.54 162.42 NOTE
r-release-linux-x86_64 0.1.2 18.56 148.53 167.09 NOTE
r-release-macos-arm64 0.1.2 OK
r-release-macos-x86_64 0.1.2 OK
r-release-windows-ix86+x86_64 0.1.2 44.00 181.00 225.00 OK
r-oldrel-macos-x86_64 0.1.2 OK
r-oldrel-windows-ix86+x86_64 0.1.2 46.00 176.00 222.00 OK

Check Details

Version: 0.1.2
Check: Rd cross-references
Result: NOTE
    Unknown package 'HURDAT' in Rd xrefs
Flavors: r-devel-linux-x86_64-debian-clang, r-devel-linux-x86_64-debian-gcc, r-devel-linux-x86_64-fedora-gcc, r-devel-windows-x86_64-new-UL, r-devel-windows-x86_64-new-TK, r-patched-linux-x86_64, r-release-linux-x86_64

Version: 0.1.2
Check: Rd cross-references
Result: NOTE
    Undeclared package ‘HURDAT’ in Rd xrefs
    Unknown package ‘HURDAT’ in Rd xrefs
Flavor: r-devel-linux-x86_64-fedora-clang