Last updated on 2024-04-20 08:51:06 CEST.
Flavor | Version | Tinstall | Tcheck | Ttotal | Status | Flags |
---|---|---|---|---|---|---|
r-devel-linux-x86_64-debian-clang | 3.22 | 28.66 | 142.28 | 170.94 | OK | |
r-devel-linux-x86_64-debian-gcc | 3.22 | 20.71 | 98.79 | 119.50 | OK | |
r-devel-linux-x86_64-fedora-clang | 3.22 | 203.93 | NOTE | |||
r-devel-linux-x86_64-fedora-gcc | 3.22 | 195.31 | OK | |||
r-prerel-macos-arm64 | 3.22 | 51.00 | NOTE | |||
r-prerel-macos-x86_64 | 3.22 | 142.00 | NOTE | |||
r-prerel-windows-x86_64 | 3.22 | 34.00 | 109.00 | 143.00 | NOTE | |
r-patched-linux-x86_64 | 3.22 | 35.32 | 132.02 | 167.34 | OK | |
r-release-linux-x86_64 | 3.22 | 26.33 | 134.84 | 161.17 | OK | |
r-release-macos-arm64 | 3.22 | 55.00 | NOTE | |||
r-release-macos-x86_64 | 3.22 | 125.00 | NOTE | |||
r-release-windows-x86_64 | 3.22 | 40.00 | 141.00 | 181.00 | NOTE | |
r-oldrel-macos-arm64 | 3.22 | 58.00 | NOTE | |||
r-oldrel-windows-x86_64 | 3.22 | 38.00 | 146.00 | 184.00 | NOTE |
Version: 3.22
Check: installed package size
Result: NOTE
installed size is 5.8Mb
sub-directories of 1Mb or more:
gui 1.7Mb
staticdocs 3.3Mb
Flavors: r-devel-linux-x86_64-fedora-clang, r-prerel-macos-arm64, r-prerel-macos-x86_64, r-prerel-windows-x86_64, r-release-macos-arm64, r-release-macos-x86_64, r-release-windows-x86_64, r-oldrel-macos-arm64, r-oldrel-windows-x86_64