CRAN Package Check Results for Package QDiabetes

Last updated on 2021-10-25 04:54:20 CEST.

Flavor Version Tinstall Tcheck Ttotal Status Flags
r-devel-linux-x86_64-debian-clang 1.0-2 51.62 120.55 172.17 OK
r-devel-linux-x86_64-debian-gcc 1.0-2 47.70 102.18 149.88 OK
r-devel-linux-x86_64-fedora-clang 1.0-2 245.21 OK
r-devel-linux-x86_64-fedora-gcc 1.0-2 221.66 OK
r-devel-windows-x86_64 1.0-2 73.00 144.00 217.00 OK
r-devel-windows-x86_64-gcc10-UCRT 1.0-2 OK
r-patched-linux-x86_64 1.0-2 49.06 121.35 170.41 OK
r-patched-solaris-x86 1.0-2 438.40 OK
r-release-linux-x86_64 1.0-2 51.29 122.10 173.39 OK
r-release-macos-arm64 1.0-2 NOTE
r-release-macos-x86_64 1.0-2 OK
r-release-windows-ix86+x86_64 1.0-2 84.00 149.00 233.00 OK
r-oldrel-macos-x86_64 1.0-2 OK
r-oldrel-windows-ix86+x86_64 1.0-2 84.00 151.00 235.00 OK

Check Details

Version: 1.0-2
Check: installed package size
Result: NOTE
     installed size is 5.3Mb
     sub-directories of 1Mb or more:
     R 5.1Mb
Flavor: r-release-macos-arm64