CRAN Package Check Results for Package QGameTheory

Last updated on 2021-11-30 05:00:01 CET.

Flavor Version Tinstall Tcheck Ttotal Status Flags
r-devel-linux-x86_64-debian-clang 0.1.2 7.37 55.36 62.73 NOTE
r-devel-linux-x86_64-debian-gcc 0.1.2 4.90 41.44 46.34 NOTE
r-devel-linux-x86_64-fedora-clang 0.1.2 85.50 NOTE
r-devel-linux-x86_64-fedora-gcc 0.1.2 73.45 NOTE
r-devel-windows-x86_64-new-UL 0.1.2 17.00 91.00 108.00 NOTE
r-devel-windows-x86_64-new-TK 0.1.2 NOTE
r-devel-windows-x86_64-old 0.1.2 12.00 58.00 70.00 NOTE
r-patched-linux-x86_64 0.1.2 6.81 52.14 58.95 NOTE
r-patched-solaris-x86 0.1.2 98.70 NOTE
r-release-linux-x86_64 0.1.2 7.19 52.05 59.24 NOTE
r-release-macos-arm64 0.1.2 NOTE
r-release-macos-x86_64 0.1.2 NOTE
r-release-windows-ix86+x86_64 0.1.2 15.00 57.00 72.00 NOTE
r-oldrel-macos-x86_64 0.1.2 OK
r-oldrel-windows-ix86+x86_64 0.1.2 11.00 66.00 77.00 OK

Check Details

Version: 0.1.2
Check: LazyData
Result: NOTE
     'LazyData' is specified without a 'data' directory
Flavors: r-devel-linux-x86_64-debian-clang, r-devel-linux-x86_64-debian-gcc, r-devel-linux-x86_64-fedora-clang, r-devel-linux-x86_64-fedora-gcc, r-devel-windows-x86_64-new-UL, r-devel-windows-x86_64-new-TK, r-devel-windows-x86_64-old, r-patched-linux-x86_64, r-patched-solaris-x86, r-release-linux-x86_64, r-release-macos-arm64, r-release-macos-x86_64, r-release-windows-ix86+x86_64