CRAN Package Check Results for Package QGameTheory

Last updated on 2023-05-28 23:14:07 CEST.

Flavor Version Tinstall Tcheck Ttotal Status Flags
r-devel-linux-x86_64-debian-clang 0.1.2 7.75 59.86 67.61 NOTE
r-devel-linux-x86_64-debian-gcc 0.1.2 5.35 44.15 49.50 NOTE
r-devel-linux-x86_64-fedora-clang 0.1.2 83.68 NOTE
r-devel-linux-x86_64-fedora-gcc 0.1.2 85.75 NOTE
r-devel-windows-x86_64 0.1.2 9.00 69.00 78.00 NOTE
r-patched-linux-x86_64 0.1.2 7.12 55.40 62.52 NOTE
r-release-linux-x86_64 0.1.2 7.20 54.88 62.08 NOTE
r-release-macos-arm64 0.1.2 27.00 NOTE
r-release-macos-x86_64 0.1.2 40.00 NOTE
r-release-windows-x86_64 0.1.2 10.00 79.00 89.00 NOTE
r-oldrel-macos-arm64 0.1.2 28.00 NOTE
r-oldrel-macos-x86_64 0.1.2 50.00 NOTE
r-oldrel-windows-x86_64 0.1.2 10.00 73.00 83.00 NOTE

Check Details

Version: 0.1.2
Check: LazyData
Result: NOTE
     'LazyData' is specified without a 'data' directory
Flavors: r-devel-linux-x86_64-debian-clang, r-devel-linux-x86_64-debian-gcc, r-devel-linux-x86_64-fedora-clang, r-devel-linux-x86_64-fedora-gcc, r-devel-windows-x86_64, r-patched-linux-x86_64, r-release-linux-x86_64, r-release-macos-arm64, r-release-macos-x86_64, r-release-windows-x86_64, r-oldrel-macos-arm64, r-oldrel-macos-x86_64, r-oldrel-windows-x86_64