CRAN Package Check Results for Package QGameTheory

Last updated on 2024-06-17 08:51:17 CEST.

Flavor Version Tinstall Tcheck Ttotal Status Flags
r-devel-linux-x86_64-debian-clang 0.1.2 9.30 58.28 67.58 NOTE
r-devel-linux-x86_64-debian-gcc 0.1.2 6.34 43.11 49.45 NOTE
r-devel-linux-x86_64-fedora-clang 0.1.2 83.67 NOTE
r-devel-linux-x86_64-fedora-gcc 0.1.2 78.23 NOTE
r-devel-windows-x86_64 0.1.2 8.00 68.00 76.00 NOTE
r-patched-linux-x86_64 0.1.2 7.18 55.47 62.65 NOTE
r-release-linux-x86_64 0.1.2 5.60 55.67 61.27 NOTE
r-release-macos-arm64 0.1.2 27.00 NOTE
r-release-macos-x86_64 0.1.2 38.00 NOTE
r-release-windows-x86_64 0.1.2 7.00 68.00 75.00 NOTE
r-oldrel-macos-arm64 0.1.2 27.00 NOTE
r-oldrel-macos-x86_64 0.1.2 40.00 NOTE
r-oldrel-windows-x86_64 0.1.2 10.00 77.00 87.00 NOTE

Check Details

Version: 0.1.2
Check: LazyData
Result: NOTE 'LazyData' is specified without a 'data' directory Flavors: r-devel-linux-x86_64-debian-clang, r-devel-linux-x86_64-debian-gcc, r-devel-linux-x86_64-fedora-clang, r-devel-linux-x86_64-fedora-gcc, r-devel-windows-x86_64, r-patched-linux-x86_64, r-release-linux-x86_64, r-release-macos-arm64, r-release-macos-x86_64, r-release-windows-x86_64, r-oldrel-macos-arm64, r-oldrel-macos-x86_64, r-oldrel-windows-x86_64