CRAN Package Check Results for Package R.SamBada

Last updated on 2021-09-21 04:55:29 CEST.

Flavor Version Tinstall Tcheck Ttotal Status Flags
r-devel-linux-x86_64-debian-clang 0.1.2 5.78 60.64 66.42 OK
r-devel-linux-x86_64-debian-gcc 0.1.2 4.54 44.85 49.39 OK
r-devel-linux-x86_64-fedora-clang 0.1.2 89.98 OK
r-devel-linux-x86_64-fedora-gcc 0.1.2 75.23 OK
r-devel-windows-x86_64 0.1.2 8.00 63.00 71.00 OK
r-devel-windows-x86_64-gcc10-UCRT 0.1.2 ERROR
r-patched-linux-x86_64 0.1.2 4.62 56.09 60.71 OK
r-release-linux-x86_64 0.1.2 5.58 55.43 61.01 OK
r-release-macos-arm64 0.1.2 OK
r-release-macos-x86_64 0.1.2 OK
r-release-windows-ix86+x86_64 0.1.2 11.00 80.00 91.00 OK
r-oldrel-macos-x86_64 0.1.2 OK
r-oldrel-windows-ix86+x86_64 0.1.2 11.00 83.00 94.00 OK

Check Details

Version: 0.1.2
Check: package dependencies
Result: NOTE
    Package suggested but not available for checking: 'biomaRt'
Flavor: r-devel-windows-x86_64-gcc10-UCRT

Version: 0.1.2
Check: whether package can be installed
Result: WARN
    Found the following significant warnings:
     WARNING: installation-time patches will not be applied, could not get the patches index
Flavor: r-devel-windows-x86_64-gcc10-UCRT

Version: 0.1.2
Check: PDF version of manual
Result: WARN
    LaTeX errors when creating PDF version.
    This typically indicates Rd problems.
Flavor: r-devel-windows-x86_64-gcc10-UCRT

Version: 0.1.2
Check: PDF version of manual without hyperrefs or index
Result: ERROR
    Re-running with no redirection of stdout/stderr.
Flavor: r-devel-windows-x86_64-gcc10-UCRT