CRAN Package Check Results for Package R.temis

Last updated on 2021-10-22 00:50:37 CEST.

Flavor Version Tinstall Tcheck Ttotal Status Flags
r-devel-linux-x86_64-debian-clang 0.1.3 7.70 85.56 93.26 OK
r-devel-linux-x86_64-debian-gcc 0.1.3 6.22 62.63 68.85 OK
r-devel-linux-x86_64-fedora-clang 0.1.3 121.73 NOTE
r-devel-linux-x86_64-fedora-gcc 0.1.3 109.83 NOTE
r-devel-windows-x86_64 0.1.3 15.00 122.00 137.00 OK
r-devel-windows-x86_64-gcc10-UCRT 0.1.3 ERROR
r-patched-linux-x86_64 0.1.3 15.54 80.07 95.61 OK
r-patched-solaris-x86 0.1.3 147.20 NOTE
r-release-linux-x86_64 0.1.3 6.81 79.69 86.50 OK
r-release-macos-arm64 0.1.3 NOTE
r-release-macos-x86_64 0.1.3 NOTE
r-release-windows-ix86+x86_64 0.1.3 24.00 114.00 138.00 OK
r-oldrel-macos-x86_64 0.1.3 NOTE
r-oldrel-windows-ix86+x86_64 0.1.3 24.00 111.00 135.00 OK

Check Details

Version: 0.1.3
Check: dependencies in R code
Result: NOTE
    Namespace in Imports field not imported from: ‘testthat’
     All declared Imports should be used.
Flavors: r-devel-linux-x86_64-fedora-clang, r-devel-linux-x86_64-fedora-gcc, r-patched-solaris-x86, r-release-macos-arm64, r-release-macos-x86_64, r-oldrel-macos-x86_64

Version: 0.1.3
Check: package dependencies
Result: ERROR
    Package required but not available: 'igraph'
    
    See section 'The DESCRIPTION file' in the 'Writing R Extensions'
    manual.
Flavor: r-devel-windows-x86_64-gcc10-UCRT