Last updated on 2023-05-28 23:14:07 CEST.
Flavor | Version | Tinstall | Tcheck | Ttotal | Status | Flags |
---|---|---|---|---|---|---|
r-devel-linux-x86_64-debian-clang | 1.0.5 | 7.81 | 47.38 | 55.19 | NOTE | |
r-devel-linux-x86_64-debian-gcc | 1.0.5 | 5.16 | 35.84 | 41.00 | NOTE | |
r-devel-linux-x86_64-fedora-clang | 1.0.5 | 73.50 | NOTE | |||
r-devel-linux-x86_64-fedora-gcc | 1.0.5 | 68.63 | NOTE | |||
r-devel-windows-x86_64 | 1.0.5 | 8.00 | 56.00 | 64.00 | NOTE | |
r-patched-linux-x86_64 | 1.0.5 | 7.29 | 44.44 | 51.73 | NOTE | |
r-release-linux-x86_64 | 1.0.4 | 9.83 | 79.64 | 89.47 | NOTE | |
r-release-macos-arm64 | 1.0.4 | 37.00 | NOTE | |||
r-release-macos-x86_64 | 1.0.4 | 60.00 | NOTE | |||
r-release-windows-x86_64 | 1.0.5 | 10.00 | 67.00 | 77.00 | NOTE | |
r-oldrel-macos-arm64 | 1.0.4 | 26.00 | NOTE | |||
r-oldrel-macos-x86_64 | 1.0.5 | 55.00 | NOTE | |||
r-oldrel-windows-x86_64 | 1.0.5 | 13.00 | 68.00 | 81.00 | NOTE |
Version: 1.0.5
Check: package dependencies
Result: NOTE
Package suggested but not available for checking: ‘ReGenesees’
Flavors: r-devel-linux-x86_64-debian-clang, r-devel-linux-x86_64-debian-gcc, r-devel-linux-x86_64-fedora-clang, r-devel-linux-x86_64-fedora-gcc, r-devel-windows-x86_64, r-patched-linux-x86_64, r-release-windows-x86_64, r-oldrel-macos-x86_64, r-oldrel-windows-x86_64
Version: 1.0.4
Check: package dependencies
Result: NOTE
Package suggested but not available for checking: ‘ReGenesees’
Flavors: r-release-linux-x86_64, r-release-macos-arm64, r-release-macos-x86_64, r-oldrel-macos-arm64