Last updated on 2023-11-29 09:08:50 CET.
Flavor | Version | Tinstall | Tcheck | Ttotal | Status | Flags |
---|---|---|---|---|---|---|
r-devel-linux-x86_64-debian-clang | 0.8-8 | 60.98 | 221.45 | 282.43 | NOTE | |
r-devel-linux-x86_64-debian-gcc | 0.8-8 | 46.81 | 158.98 | 205.79 | NOTE | |
r-devel-linux-x86_64-fedora-clang | 0.8-8 | 358.92 | NOTE | |||
r-devel-linux-x86_64-fedora-gcc | 0.8-8 | 333.73 | OK | |||
r-devel-windows-x86_64 | 0.8-8 | 47.00 | 163.00 | 210.00 | OK | |
r-patched-linux-x86_64 | 0.8-8 | 64.76 | 202.86 | 267.62 | OK | |
r-release-linux-x86_64 | 0.8-8 | 39.21 | 202.20 | 241.41 | OK | |
r-release-macos-arm64 | 0.8-8 | 95.00 | OK | |||
r-release-macos-x86_64 | 0.8-8 | 179.00 | OK | |||
r-release-windows-x86_64 | 0.8-8 | 67.00 | 214.00 | 281.00 | OK | |
r-oldrel-macos-arm64 | 0.8-8 | 80.00 | OK | |||
r-oldrel-macos-x86_64 | 0.8-8 | 114.00 | OK | |||
r-oldrel-windows-x86_64 | 0.8-8 | 71.00 | 203.00 | 274.00 | OK |
Version: 0.8-8
Check: Rd files
Result: NOTE
checkRd: (-1) runMLwiN.Rd:83: Lost braces; missing escapes or markup?
83 | behaviour when creating contrast variables. If code {FALSE} (default) factor
| ^
Flavors: r-devel-linux-x86_64-debian-clang, r-devel-linux-x86_64-debian-gcc
Version: 0.8-8
Check: Rd cross-references
Result: NOTE
Undeclared package ‘generics’ in Rd xrefs
Flavor: r-devel-linux-x86_64-fedora-clang