Last updated on 2024-04-23 16:58:25 CEST.
Flavor | Version | Tinstall | Tcheck | Ttotal | Status | Flags |
---|---|---|---|---|---|---|
r-devel-linux-x86_64-debian-clang | 0.9-9 | 25.75 | 29.43 | 55.18 | OK | |
r-devel-linux-x86_64-debian-gcc | 0.9-9 | 21.14 | 22.48 | 43.62 | OK | |
r-devel-linux-x86_64-fedora-clang | 0.9-9 | 70.33 | OK | |||
r-devel-linux-x86_64-fedora-gcc | 0.9-9 | 75.06 | OK | |||
r-prerel-macos-arm64 | 0.9-9 | 32.00 | NOTE | |||
r-prerel-macos-x86_64 | 0.9-9 | 54.00 | NOTE | |||
r-prerel-windows-x86_64 | 0.9-9 | 42.00 | 61.00 | 103.00 | OK | |
r-patched-linux-x86_64 | 0.9-9 | 23.51 | 28.21 | 51.72 | OK | |
r-release-linux-x86_64 | 0.9-9 | 24.52 | 28.83 | 53.35 | OK | |
r-release-macos-arm64 | 0.9-9 | 36.00 | NOTE | |||
r-release-macos-x86_64 | 0.9-9 | 56.00 | NOTE | |||
r-release-windows-x86_64 | 0.9-9 | 48.00 | 69.00 | 117.00 | OK | |
r-oldrel-macos-arm64 | 0.9-9 | 37.00 | NOTE | |||
r-oldrel-windows-x86_64 | 0.9-9 | 43.00 | 62.00 | 105.00 | OK |
Version: 0.9-9
Check: installed package size
Result: NOTE
installed size is 19.3Mb
sub-directories of 1Mb or more:
libs 19.2Mb
Flavors: r-prerel-macos-arm64, r-prerel-macos-x86_64, r-release-macos-arm64, r-release-macos-x86_64, r-oldrel-macos-arm64