CRAN Package Check Results for Package R2SWF

Last updated on 2021-12-06 04:50:46 CET.

Flavor Version Tinstall Tcheck Ttotal Status Flags
r-devel-linux-x86_64-debian-clang 0.9-6 23.10 37.67 60.77 OK
r-devel-linux-x86_64-debian-gcc 0.9-6 16.31 29.53 45.84 OK
r-devel-linux-x86_64-fedora-clang 0.9-6 76.83 OK
r-devel-linux-x86_64-fedora-gcc 0.9-6 64.99 OK
r-devel-windows-x86_64-new-UL 0.9-6 75.00 126.00 201.00 OK
r-devel-windows-x86_64-new-TK 0.9-6 OK
r-devel-windows-x86_64-old 0.9-6 36.00 45.00 81.00 OK
r-patched-linux-x86_64 0.9-6 18.56 28.44 47.00 OK
r-release-linux-x86_64 0.9-6 18.85 36.48 55.33 OK
r-release-macos-arm64 0.9-6 NOTE
r-release-macos-x86_64 0.9-6 NOTE
r-release-windows-ix86+x86_64 0.9-6 72.00 63.00 135.00 OK
r-oldrel-macos-x86_64 0.9-6 NOTE
r-oldrel-windows-ix86+x86_64 0.9-6 71.00 63.00 134.00 OK

Check Details

Version: 0.9-6
Check: installed package size
Result: NOTE
     installed size is 17.5Mb
     sub-directories of 1Mb or more:
     libs 17.4Mb
Flavors: r-release-macos-arm64, r-release-macos-x86_64, r-oldrel-macos-x86_64