Last updated on 2024-03-27 23:59:54 CET.
Flavor | Version | Tinstall | Tcheck | Ttotal | Status | Flags |
---|---|---|---|---|---|---|
r-devel-linux-x86_64-debian-clang | 0.7-1.1 | 3.46 | 36.47 | 39.93 | NOTE | |
r-devel-linux-x86_64-debian-gcc | 0.7-1.1 | 2.46 | 28.50 | 30.96 | NOTE | |
r-devel-linux-x86_64-fedora-clang | 0.7-1.1 | 51.02 | NOTE | |||
r-devel-linux-x86_64-fedora-gcc | 0.7-1.1 | 49.57 | NOTE | |||
r-devel-windows-x86_64 | 0.7-1.1 | 4.00 | 51.00 | 55.00 | NOTE | |
r-patched-linux-x86_64 | 0.7-1.1 | 4.90 | 35.30 | 40.20 | OK | |
r-release-linux-x86_64 | 0.7-1.1 | 4.04 | 36.59 | 40.63 | OK | |
r-release-macos-arm64 | 0.7-1.1 | 28.00 | OK | |||
r-release-macos-x86_64 | 0.7-1.1 | 50.00 | OK | |||
r-release-windows-x86_64 | 0.7-1.1 | 6.00 | 54.00 | 60.00 | OK | |
r-oldrel-macos-arm64 | 0.7-1.1 | 28.00 | OK | |||
r-oldrel-windows-x86_64 | 0.7-1.1 | 7.00 | 60.00 | 67.00 | OK |
Version: 0.7-1.1
Check: Rd files
Result: NOTE
checkRd: (-1) jags.Rd:128: Lost braces in \itemize; meant \describe ?
Flavors: r-devel-linux-x86_64-debian-clang, r-devel-linux-x86_64-debian-gcc, r-devel-linux-x86_64-fedora-clang, r-devel-linux-x86_64-fedora-gcc, r-devel-windows-x86_64