CRAN Package Check Results for Package R6P

Last updated on 2021-10-21 16:49:55 CEST.

Flavor Version Tinstall Tcheck Ttotal Status Flags
r-devel-linux-x86_64-debian-clang 0.2.2 3.41 27.14 30.55 OK
r-devel-linux-x86_64-debian-gcc 0.2.2 2.47 21.25 23.72 OK
r-devel-linux-x86_64-fedora-clang 0.2.2 47.74 NOTE
r-devel-linux-x86_64-fedora-gcc 0.2.2 36.70 NOTE
r-devel-windows-x86_64 0.2.2 6.00 50.00 56.00 OK
r-devel-windows-x86_64-gcc10-UCRT 0.2.2 NOTE
r-patched-linux-x86_64 0.2.2 3.65 26.11 29.76 OK
r-patched-solaris-x86 0.2.2 59.30 NOTE
r-release-linux-x86_64 0.2.2 2.46 26.02 28.48 OK
r-release-macos-arm64 0.2.2 NOTE
r-release-macos-x86_64 0.2.2 NOTE
r-release-windows-ix86+x86_64 0.2.2 12.00 44.00 56.00 OK
r-oldrel-macos-x86_64 0.2.2 NOTE
r-oldrel-windows-ix86+x86_64 0.2.2 7.00 43.00 50.00 OK

Check Details

Version: 0.2.2
Check: dependencies in R code
Result: NOTE
    Namespaces in Imports field not imported from:
     ‘R6’ ‘collections’ ‘dplyr’
     All declared Imports should be used.
Flavors: r-devel-linux-x86_64-fedora-clang, r-devel-linux-x86_64-fedora-gcc, r-devel-windows-x86_64-gcc10-UCRT, r-patched-solaris-x86, r-release-macos-arm64, r-release-macos-x86_64, r-oldrel-macos-x86_64