CRAN Package Check Results for Package RAMpath

Last updated on 2021-12-02 00:49:20 CET.

Flavor Version Tinstall Tcheck Ttotal Status Flags
r-devel-linux-x86_64-debian-clang 0.4 6.52 53.67 60.19 NOTE
r-devel-linux-x86_64-debian-gcc 0.4 5.34 40.61 45.95 NOTE
r-devel-linux-x86_64-fedora-clang 0.4 84.60 NOTE
r-devel-linux-x86_64-fedora-gcc 0.4 72.84 NOTE
r-devel-windows-x86_64-new-UL 0.4 13.00 93.00 106.00 OK
r-devel-windows-x86_64-new-TK 0.4 OK
r-devel-windows-x86_64-old 0.4 10.00 60.00 70.00 OK
r-patched-linux-x86_64 0.4 6.77 50.86 57.63 NOTE
r-patched-solaris-x86 0.4 100.00 NOTE
r-release-linux-x86_64 0.4 5.23 51.74 56.97 NOTE
r-release-macos-arm64 0.4 OK
r-release-macos-x86_64 0.4 OK
r-release-windows-ix86+x86_64 0.4 13.00 74.00 87.00 OK
r-oldrel-macos-x86_64 0.4 OK
r-oldrel-windows-ix86+x86_64 0.4 12.00 71.00 83.00 OK

Check Details

Version: 0.4
Check: for non-standard things in the check directory
Result: NOTE
    Found the following files/directories:
     'blcs.dot' 'ex1.dot' 'ex1bridge1.dot' 'ex1bridge2.dot'
     'ex1bridge3.dot' 'ex1effect1.dot' 'ex1effect2.dot' 'gcmlinear.dot'
     'latent.dot' 'lcs.dot' 'mimic.dot'
Flavors: r-devel-linux-x86_64-debian-clang, r-devel-linux-x86_64-debian-gcc, r-patched-linux-x86_64, r-release-linux-x86_64

Version: 0.4
Check: for non-standard things in the check directory
Result: NOTE
    Found the following files/directories:
     ‘blcs.dot’ ‘blcs.pdf’ ‘ex1.dot’ ‘ex1.pdf’ ‘ex1bridge1.dot’
     ‘ex1bridge1.pdf’ ‘ex1bridge2.dot’ ‘ex1bridge2.pdf’ ‘ex1bridge3.dot’
     ‘ex1bridge3.pdf’ ‘ex1effect1.dot’ ‘ex1effect1.pdf’ ‘ex1effect2.dot’
     ‘ex1effect2.pdf’ ‘gcmlinear.dot’ ‘gcmlinear.pdf’ ‘latent.dot’
     ‘latent.pdf’ ‘lcs.dot’ ‘lcs.pdf’ ‘mimic.dot’ ‘mimic.pdf’
Flavors: r-devel-linux-x86_64-fedora-clang, r-devel-linux-x86_64-fedora-gcc, r-patched-solaris-x86