CRAN Package Check Results for Package RBNZ

Last updated on 2021-11-30 05:00:01 CET.

Flavor Version Tinstall Tcheck Ttotal Status Flags
r-devel-linux-x86_64-debian-clang 1.1.0 5.11 39.68 44.79 NOTE
r-devel-linux-x86_64-debian-gcc 1.1.0 3.95 31.39 35.34 NOTE
r-devel-linux-x86_64-fedora-clang 1.1.0 65.62 NOTE
r-devel-linux-x86_64-fedora-gcc 1.1.0 54.66 NOTE
r-devel-windows-x86_64-new-UL 1.1.0 18.00 83.00 101.00 NOTE
r-devel-windows-x86_64-new-TK 1.1.0 NOTE
r-devel-windows-x86_64-old 1.1.0 9.00 49.00 58.00 NOTE
r-patched-linux-x86_64 1.1.0 5.92 38.65 44.57 NOTE
r-patched-solaris-x86 1.1.0 78.50 NOTE
r-release-linux-x86_64 1.1.0 4.88 38.77 43.65 NOTE
r-release-macos-arm64 1.1.0 NOTE
r-release-macos-x86_64 1.1.0 NOTE
r-release-windows-ix86+x86_64 1.1.0 12.00 64.00 76.00 NOTE
r-oldrel-macos-x86_64 1.1.0 OK
r-oldrel-windows-ix86+x86_64 1.1.0 10.00 54.00 64.00 OK

Check Details

Version: 1.1.0
Check: LazyData
Result: NOTE
     'LazyData' is specified without a 'data' directory
Flavors: r-devel-linux-x86_64-debian-clang, r-devel-linux-x86_64-debian-gcc, r-devel-linux-x86_64-fedora-clang, r-devel-linux-x86_64-fedora-gcc, r-devel-windows-x86_64-new-UL, r-devel-windows-x86_64-new-TK, r-devel-windows-x86_64-old, r-patched-linux-x86_64, r-patched-solaris-x86, r-release-linux-x86_64, r-release-macos-arm64, r-release-macos-x86_64, r-release-windows-ix86+x86_64