Last updated on 2024-04-20 00:56:20 CEST.
Flavor | Version | Tinstall | Tcheck | Ttotal | Status | Flags |
---|---|---|---|---|---|---|
r-devel-linux-x86_64-debian-clang | 1.7-3 | 231.82 | 270.61 | 502.43 | NOTE | |
r-devel-linux-x86_64-debian-gcc | 1.7-3 | NOTE | ||||
r-devel-linux-x86_64-fedora-clang | 1.7-3 | 611.22 | NOTE | |||
r-devel-linux-x86_64-fedora-gcc | 1.7-3 | 681.57 | NOTE | |||
r-prerel-macos-arm64 | 1.7-3 | 150.00 | NOTE | |||
r-prerel-windows-x86_64 | 1.7-3 | 174.00 | 233.00 | 407.00 | NOTE | |
r-patched-linux-x86_64 | 1.7-3 | 182.59 | 268.25 | 450.84 | NOTE | |
r-release-linux-x86_64 | 1.7-3 | 0.02 | 2.97 | 2.99 | ERROR | |
r-release-macos-arm64 | 1.7-3 | 130.00 | NOTE | |||
r-release-macos-x86_64 | 1.7-3 | 326.00 | NOTE | |||
r-release-windows-x86_64 | 1.7-3 | 224.00 | 295.00 | 519.00 | NOTE | |
r-oldrel-macos-arm64 | 1.7-3 | 132.00 | NOTE | |||
r-oldrel-windows-x86_64 | 1.7-3 | 210.00 | 269.00 | 479.00 | NOTE |
Version: 1.7-3
Check: for GNU extensions in Makefiles
Result: NOTE
GNU make is a SystemRequirements.
Flavors: r-devel-linux-x86_64-debian-clang, r-devel-linux-x86_64-debian-gcc, r-devel-linux-x86_64-fedora-clang, r-devel-linux-x86_64-fedora-gcc, r-prerel-macos-arm64, r-prerel-windows-x86_64, r-patched-linux-x86_64, r-release-macos-arm64, r-release-macos-x86_64, r-release-windows-x86_64, r-oldrel-macos-arm64, r-oldrel-windows-x86_64
Version: 1.7-3
Check: installed package size
Result: NOTE
installed size is 66.8Mb
sub-directories of 1Mb or more:
libs 64.8Mb
Flavors: r-prerel-macos-arm64, r-release-macos-arm64, r-release-macos-x86_64, r-oldrel-macos-arm64
Version: 1.7-3
Check: whether package can be installed
Result: ERROR
Installation failed.
Flavor: r-release-linux-x86_64