CRAN Package Check Results for Package RBitmoji

Last updated on 2021-10-24 20:51:14 CEST.

Flavor Version Tinstall Tcheck Ttotal Status Flags
r-devel-linux-x86_64-debian-clang 0.0.2 2.37 25.28 27.65 NOTE
r-devel-linux-x86_64-debian-gcc 0.0.2 1.91 20.24 22.15 NOTE
r-devel-linux-x86_64-fedora-clang 0.0.2 47.40 NOTE
r-devel-linux-x86_64-fedora-gcc 0.0.2 34.37 NOTE
r-devel-windows-x86_64 0.0.2 5.00 51.00 56.00 NOTE
r-devel-windows-x86_64-gcc10-UCRT 0.0.2 NOTE
r-patched-linux-x86_64 0.0.2 2.43 25.10 27.53 NOTE
r-patched-solaris-x86 0.0.2 52.40 NOTE
r-release-linux-x86_64 0.0.2 2.14 25.15 27.29 NOTE
r-release-macos-arm64 0.0.2 NOTE
r-release-macos-x86_64 0.0.2 NOTE
r-release-windows-ix86+x86_64 0.0.2 5.00 45.00 50.00 NOTE
r-oldrel-macos-x86_64 0.0.2 NOTE
r-oldrel-windows-ix86+x86_64 0.0.2 5.00 46.00 51.00 NOTE

Check Details

Version: 0.0.2
Check: LazyData
Result: NOTE
     'LazyData' is specified without a 'data' directory
Flavors: r-devel-linux-x86_64-debian-clang, r-devel-linux-x86_64-debian-gcc, r-devel-linux-x86_64-fedora-clang, r-devel-linux-x86_64-fedora-gcc, r-devel-windows-x86_64, r-devel-windows-x86_64-gcc10-UCRT, r-patched-linux-x86_64, r-patched-solaris-x86, r-release-linux-x86_64, r-release-macos-arm64, r-release-macos-x86_64, r-release-windows-ix86+x86_64

Version: 0.0.2
Check: package vignettes
Result: NOTE
    Package vignette with placeholder title 'Vignette Title':
     'RBitmoji.Rmd'
Flavors: r-devel-linux-x86_64-debian-clang, r-devel-linux-x86_64-debian-gcc, r-devel-windows-x86_64, r-patched-linux-x86_64, r-release-linux-x86_64, r-release-windows-ix86+x86_64, r-oldrel-windows-ix86+x86_64

Version: 0.0.2
Check: dependencies in R code
Result: NOTE
    Namespace in Imports field not imported from: ‘jsonlite’
     All declared Imports should be used.
Flavors: r-devel-linux-x86_64-fedora-clang, r-devel-linux-x86_64-fedora-gcc, r-devel-windows-x86_64-gcc10-UCRT, r-patched-solaris-x86, r-release-macos-arm64, r-release-macos-x86_64, r-oldrel-macos-x86_64