CRAN Package Check Results for Package RCSF

Last updated on 2021-12-02 00:49:21 CET.

Flavor Version Tinstall Tcheck Ttotal Status Flags
r-devel-linux-x86_64-debian-clang 1.0.2 36.45 34.87 71.32 OK
r-devel-linux-x86_64-debian-gcc 1.0.2 27.77 28.99 56.76 OK
r-devel-linux-x86_64-fedora-clang 1.0.2 131.31 OK
r-devel-linux-x86_64-fedora-gcc 1.0.2 97.15 OK
r-devel-windows-x86_64-new-UL 1.0.2 60.00 98.00 158.00 OK
r-devel-windows-x86_64-new-TK 1.0.2 OK
r-devel-windows-x86_64-old 1.0.2 52.00 52.00 104.00 OK
r-patched-linux-x86_64 1.0.2 34.25 33.59 67.84 OK
r-patched-solaris-x86 1.0.2 127.80 ERROR
r-release-linux-x86_64 1.0.2 32.73 33.60 66.33 OK
r-release-macos-arm64 1.0.2 OK
r-release-macos-x86_64 1.0.2 OK
r-release-windows-ix86+x86_64 1.0.2 103.00 89.00 192.00 OK
r-oldrel-macos-x86_64 1.0.2 OK
r-oldrel-windows-ix86+x86_64 1.0.2 96.00 92.00 188.00 OK

Check Details

Version: 1.0.2
Check: tests
Result: ERROR
     Running ‘testthat.R’ [17s/19s]
    Running the tests in ‘tests/testthat.R’ failed.
    Complete output:
     > library(testthat)
     > library(RCSF)
     >
     > test_check("RCSF")
     ══ Failed tests ════════════════════════════════════════════════════════════════
     ── Failure (test-CSF.R:7:3): csf algorithm works ───────────────────────────────
     length(id_ground) %in% c(15459L, 15453L) is not TRUE
    
     `actual`: FALSE
     `expected`: TRUE
    
     [ FAIL 1 | WARN 0 | SKIP 0 | PASS 0 ]
     Error: Test failures
     Execution halted
Flavor: r-patched-solaris-x86