Last updated on 2024-04-19 01:04:49 CEST.
Flavor | Version | Tinstall | Tcheck | Ttotal | Status | Flags |
---|---|---|---|---|---|---|
r-devel-linux-x86_64-debian-clang | 0.6.9 | 121.47 | 68.77 | 190.24 | OK | |
r-devel-linux-x86_64-debian-gcc | 0.6.9 | 101.04 | 51.61 | 152.65 | OK | |
r-devel-linux-x86_64-fedora-clang | 0.6.9 | 300.80 | OK | |||
r-devel-linux-x86_64-fedora-gcc | 0.6.9 | 283.80 | OK | |||
r-prerel-macos-arm64 | 0.6.9 | 70.00 | NOTE | |||
r-prerel-windows-x86_64 | 0.6.9 | 132.00 | 93.00 | 225.00 | OK | |
r-patched-linux-x86_64 | 0.6.9 | 97.41 | 66.66 | 164.07 | OK | |
r-release-linux-x86_64 | 0.6.9 | 93.55 | 66.80 | 160.35 | OK | |
r-release-macos-arm64 | 0.6.9 | 75.00 | NOTE | |||
r-release-macos-x86_64 | 0.6.9 | 101.00 | NOTE | |||
r-release-windows-x86_64 | 0.6.9 | 145.00 | 112.00 | 257.00 | OK | |
r-oldrel-macos-arm64 | 0.6.9 | 74.00 | NOTE | |||
r-oldrel-windows-x86_64 | 0.6.9 | 134.00 | 112.00 | 246.00 | OK |
Version: 0.6.9
Check: installed package size
Result: NOTE
installed size is 13.4Mb
sub-directories of 1Mb or more:
libs 13.1Mb
Flavors: r-prerel-macos-arm64, r-release-macos-arm64, r-release-macos-x86_64, r-oldrel-macos-arm64